Last updated on 2025-10-24 04:51:13 CEST.
| Flavor | Version | Tinstall | Tcheck | Ttotal | Status | Flags |
|---|---|---|---|---|---|---|
| r-devel-linux-x86_64-debian-clang | 1.1.8 | 14.26 | 81.34 | 95.60 | NOTE | |
| r-devel-linux-x86_64-debian-gcc | 1.1.8 | 9.76 | 53.54 | 63.30 | OK | |
| r-devel-linux-x86_64-fedora-clang | 1.1.8 | 66.00 | 93.21 | 159.21 | OK | |
| r-devel-linux-x86_64-fedora-gcc | 1.1.8 | 31.00 | 114.93 | 145.93 | OK | |
| r-devel-windows-x86_64 | 1.1.8 | 16.00 | 94.00 | 110.00 | OK | |
| r-patched-linux-x86_64 | 1.1.8 | 14.48 | 76.00 | 90.48 | OK | |
| r-release-linux-x86_64 | 1.1.8 | 13.49 | 75.58 | 89.07 | OK | |
| r-release-macos-arm64 | 1.1.8 | 6.00 | 43.00 | 49.00 | OK | |
| r-release-macos-x86_64 | 1.1.8 | 12.00 | 72.00 | 84.00 | OK | |
| r-release-windows-x86_64 | 1.1.8 | 15.00 | 98.00 | 113.00 | OK | |
| r-oldrel-macos-arm64 | 1.1.8 | 6.00 | 42.00 | 48.00 | OK | |
| r-oldrel-macos-x86_64 | 1.1.8 | 12.00 | 69.00 | 81.00 | OK | |
| r-oldrel-windows-x86_64 | 1.1.8 | 20.00 | 114.00 | 134.00 | OK |
Version: 1.1.8
Check: HTML version of manual
Result: NOTE
Found the following HTML validation problems:
binary_write_val.html:58:1 (binary_write_val.Rd:16): Warning: missing </ul> before </div>
Flavor: r-devel-linux-x86_64-debian-clang