Last updated on 2025-10-24 04:51:13 CEST.
| Flavor | Version | Tinstall | Tcheck | Ttotal | Status | Flags |
|---|---|---|---|---|---|---|
| r-devel-linux-x86_64-debian-clang | 1.2.1 | 1.70 | 23.23 | 24.93 | NOTE | |
| r-devel-linux-x86_64-debian-gcc | 1.2.1 | 1.46 | 18.98 | 20.44 | NOTE | |
| r-devel-linux-x86_64-fedora-clang | 1.2.1 | 38.84 | OK | |||
| r-devel-linux-x86_64-fedora-gcc | 1.2.1 | 35.04 | OK | |||
| r-devel-windows-x86_64 | 1.2.1 | 4.00 | 67.00 | 71.00 | OK | |
| r-patched-linux-x86_64 | 1.2.1 | 1.75 | 22.17 | 23.92 | OK | |
| r-release-linux-x86_64 | 1.2.1 | 1.64 | 22.09 | 23.73 | OK | |
| r-release-macos-arm64 | 1.2.1 | 1.00 | 41.00 | 42.00 | OK | |
| r-release-macos-x86_64 | 1.2.1 | 2.00 | 50.00 | 52.00 | OK | |
| r-release-windows-x86_64 | 1.2.1 | 3.00 | 68.00 | 71.00 | OK | |
| r-oldrel-macos-arm64 | 1.2.1 | 1.00 | 42.00 | 43.00 | OK | |
| r-oldrel-macos-x86_64 | 1.2.1 | 2.00 | 44.00 | 46.00 | OK | |
| r-oldrel-windows-x86_64 | 1.2.1 | 5.00 | 77.00 | 82.00 | OK |
Version: 1.2.1
Check: CRAN incoming feasibility
Result: NOTE
Maintainer: ‘Sergei Izrailev <sizrailev@jabiruventures.com>’
No Authors@R field in DESCRIPTION.
Please add one, modifying
Authors@R: person(given = "Sergei",
family = "Izrailev",
role = c("aut", "cre"),
email = "sizrailev@jabiruventures.com")
as necessary.
Flavors: r-devel-linux-x86_64-debian-clang, r-devel-linux-x86_64-debian-gcc
Version: 1.2.1
Check: HTML version of manual
Result: NOTE
Found the following HTML validation problems:
Stack.html:98:1 (Stack.Rd:54): Warning: missing </ul> before </div>
Flavor: r-devel-linux-x86_64-debian-clang