Last updated on 2025-10-22 05:51:29 CEST.
Flavor | Version | Tinstall | Tcheck | Ttotal | Status | Flags |
---|---|---|---|---|---|---|
r-devel-linux-x86_64-debian-clang | 1.12.2 | 20.07 | 337.93 | 358.00 | NOTE | |
r-devel-linux-x86_64-debian-gcc | 1.12.2 | 13.83 | 226.29 | 240.12 | NOTE | |
r-devel-linux-x86_64-fedora-clang | 1.12.2 | 107.00 | 450.13 | 557.13 | OK | |
r-devel-linux-x86_64-fedora-gcc | 1.12.2 | 38.00 | 474.69 | 512.69 | OK | |
r-devel-windows-x86_64 | 1.12.2 | 20.00 | 256.00 | 276.00 | OK | |
r-patched-linux-x86_64 | 1.12.2 | 19.11 | 323.83 | 342.94 | OK | |
r-release-linux-x86_64 | 1.12.2 | 19.66 | 318.62 | 338.28 | OK | |
r-release-macos-arm64 | 1.12.2 | 8.00 | 102.00 | 110.00 | OK | |
r-release-macos-x86_64 | 1.12.2 | 16.00 | 233.00 | 249.00 | OK | |
r-release-windows-x86_64 | 1.12.2 | 21.00 | 257.00 | 278.00 | OK | |
r-oldrel-macos-arm64 | 1.12.2 | 7.00 | 110.00 | 117.00 | NOTE | |
r-oldrel-macos-x86_64 | 1.12.2 | 14.00 | 204.00 | 218.00 | NOTE | |
r-oldrel-windows-x86_64 | 1.12.2 | 27.00 | 345.00 | 372.00 | NOTE |
Version: 1.12.2
Check: HTML version of manual
Result: NOTE
Found the following HTML validation problems:
save_pdf-Heatmap-method.html:69:1 (save_pdf-Heatmap-method.Rd:24): Warning: missing </ul> before </div>
save_pdf-InputHeatmap-method.html:69:1 (save_pdf-InputHeatmap-method.Rd:24): Warning: missing </ul> before </div>
Flavors: r-devel-linux-x86_64-debian-clang, r-devel-linux-x86_64-debian-gcc
Version: 1.12.2
Check: installed package size
Result: NOTE
installed size is 5.7Mb
sub-directories of 1Mb or more:
doc 4.7Mb
Flavors: r-oldrel-macos-arm64, r-oldrel-macos-x86_64, r-oldrel-windows-x86_64