CRAN Package Check Results for Package tidyMC

Last updated on 2025-07-19 08:48:55 CEST.

Flavor Version Tinstall Tcheck Ttotal Status Flags
r-devel-linux-x86_64-debian-clang 1.0.0 2.61 84.21 86.82 NOTE
r-devel-linux-x86_64-debian-gcc 1.0.0 2.03 60.28 62.31 NOTE
r-devel-linux-x86_64-fedora-clang 1.0.0 126.67 OK
r-devel-linux-x86_64-fedora-gcc 1.0.0 137.11 OK
r-devel-windows-x86_64 1.0.0 6.00 115.00 121.00 NOTE
r-patched-linux-x86_64 1.0.0 3.45 78.31 81.76 NOTE
r-release-linux-x86_64 1.0.0 3.04 78.89 81.93 NOTE
r-release-macos-arm64 1.0.0 77.00 OK
r-release-macos-x86_64 1.0.0 137.00 OK
r-release-windows-x86_64 1.0.0 4.00 116.00 120.00 NOTE
r-oldrel-macos-arm64 1.0.0 76.00 OK
r-oldrel-macos-x86_64 1.0.0 108.00 OK
r-oldrel-windows-x86_64 1.0.0 6.00 144.00 150.00 OK

Check Details

Version: 1.0.0
Check: Rd cross-references
Result: NOTE Found the following Rd file(s) with Rd \link{} targets missing package anchors: plot.mc.Rd: ggplot2 plot.summary.mc.Rd: ggplot2 tidy_mc_latex.Rd: kableExtra Please provide package anchors for all Rd \link{} targets not in the package itself and the base packages. Flavors: r-devel-linux-x86_64-debian-clang, r-devel-linux-x86_64-debian-gcc, r-devel-windows-x86_64, r-patched-linux-x86_64, r-release-linux-x86_64, r-release-windows-x86_64