CRAN Package Check Results for Package tidydann

Last updated on 2025-10-22 05:51:29 CEST.

Flavor Version Tinstall Tcheck Ttotal Status Flags
r-devel-linux-x86_64-debian-clang 1.0.1 4.88 181.94 186.82 NOTE
r-devel-linux-x86_64-debian-gcc 1.0.1 3.79 118.82 122.61 NOTE
r-devel-linux-x86_64-fedora-clang 1.0.1 28.00 302.07 330.07 OK
r-devel-linux-x86_64-fedora-gcc 1.0.1 11.00 286.06 297.06 OK
r-devel-windows-x86_64 1.0.1 6.00 155.00 161.00 OK
r-patched-linux-x86_64 1.0.1 5.13 170.82 175.95 OK
r-release-linux-x86_64 1.0.1 5.63 169.70 175.33 OK
r-release-macos-arm64 1.0.1 2.00 59.00 61.00 OK
r-release-macos-x86_64 1.0.1 4.00 133.00 137.00 OK
r-release-windows-x86_64 1.0.1 9.00 156.00 165.00 OK
r-oldrel-macos-arm64 1.0.1 2.00 63.00 65.00 OK
r-oldrel-macos-x86_64 1.0.1 4.00 115.00 119.00 OK
r-oldrel-windows-x86_64 1.0.1 9.00 201.00 210.00 OK

Check Details

Version: 1.0.1
Check: HTML version of manual
Result: NOTE Found the following HTML validation problems: update.nearest_neighbor_adaptive.html:106:1 (update.nearest_neighbor_adaptive.Rd:50): Warning: missing </ul> before </div> Flavors: r-devel-linux-x86_64-debian-clang, r-devel-linux-x86_64-debian-gcc