Last updated on 2025-10-22 05:51:29 CEST.
Flavor | Version | Tinstall | Tcheck | Ttotal | Status | Flags |
---|---|---|---|---|---|---|
r-devel-linux-x86_64-debian-clang | 1.0.0 | 7.08 | 144.17 | 151.25 | NOTE | |
r-devel-linux-x86_64-debian-gcc | 1.0.0 | 4.68 | 94.23 | 98.91 | NOTE | |
r-devel-linux-x86_64-fedora-clang | 1.0.0 | 22.00 | 218.38 | 240.38 | OK | |
r-devel-linux-x86_64-fedora-gcc | 1.0.0 | 14.00 | 216.14 | 230.14 | OK | |
r-devel-windows-x86_64 | 1.0.0 | 8.00 | 135.00 | 143.00 | OK | |
r-patched-linux-x86_64 | 1.0.0 | 7.18 | 133.56 | 140.74 | OK | |
r-release-linux-x86_64 | 1.0.0 | 6.98 | 132.53 | 139.51 | OK | |
r-release-macos-arm64 | 1.0.0 | 2.00 | 49.00 | 51.00 | OK | |
r-release-macos-x86_64 | 1.0.0 | 5.00 | 103.00 | 108.00 | OK | |
r-release-windows-x86_64 | 1.0.0 | 10.00 | 136.00 | 146.00 | OK | |
r-oldrel-macos-arm64 | 1.0.0 | 3.00 | 47.00 | 50.00 | OK | |
r-oldrel-macos-x86_64 | 1.0.0 | 4.00 | 78.00 | 82.00 | OK | |
r-oldrel-windows-x86_64 | 1.0.0 | 11.00 | 177.00 | 188.00 | OK |
Version: 1.0.0
Check: HTML version of manual
Result: NOTE
Found the following HTML validation problems:
parse_dice_formula_part.html:46:1 (parse_dice_formula_part.Rd:10): Warning: missing </ul> before </div>
top_n_dice.html:54:1 (top_n_dice.Rd:14): Warning: missing </ul> before </div>
Flavors: r-devel-linux-x86_64-debian-clang, r-devel-linux-x86_64-debian-gcc