Last updated on 2025-10-22 05:51:29 CEST.
Flavor | Version | Tinstall | Tcheck | Ttotal | Status | Flags |
---|---|---|---|---|---|---|
r-devel-linux-x86_64-debian-clang | 0.3.2 | 6.13 | 237.89 | 244.02 | NOTE | |
r-devel-linux-x86_64-debian-gcc | 0.3.2 | 4.05 | 154.39 | 158.44 | NOTE | |
r-devel-linux-x86_64-fedora-clang | 0.3.2 | 26.00 | 385.68 | 411.68 | NOTE | |
r-devel-linux-x86_64-fedora-gcc | 0.3.2 | 12.00 | 362.37 | 374.37 | NOTE | |
r-devel-windows-x86_64 | 0.3.2 | 9.00 | 211.00 | 220.00 | NOTE | |
r-patched-linux-x86_64 | 0.3.2 | 6.54 | 225.17 | 231.71 | NOTE | |
r-release-linux-x86_64 | 0.3.2 | 5.87 | 228.62 | 234.49 | NOTE | |
r-release-macos-arm64 | 0.3.2 | 4.00 | 110.00 | 114.00 | NOTE | |
r-release-macos-x86_64 | 0.3.2 | 6.00 | 229.00 | 235.00 | NOTE | |
r-release-windows-x86_64 | 0.3.2 | 11.00 | 205.00 | 216.00 | NOTE | |
r-oldrel-macos-arm64 | 0.3.2 | 3.00 | 93.00 | 96.00 | NOTE | |
r-oldrel-macos-x86_64 | 0.3.2 | 5.00 | 169.00 | 174.00 | NOTE | |
r-oldrel-windows-x86_64 | 0.3.2 | 11.00 | 292.00 | 303.00 | NOTE |
Version: 0.3.2
Check: Rd files
Result: NOTE
checkRd: (-1) json_schema.Rd:33: Lost braces; missing escapes or markup?
33 | \item object -> {"name": <type>} e.g., {"age": 32} -> {"age": "number"}
| ^
checkRd: (-1) json_schema.Rd:33: Lost braces; missing escapes or markup?
33 | \item object -> {"name": <type>} e.g., {"age": 32} -> {"age": "number"}
| ^
checkRd: (-1) json_schema.Rd:33: Lost braces; missing escapes or markup?
33 | \item object -> {"name": <type>} e.g., {"age": 32} -> {"age": "number"}
| ^
Flavors: r-devel-linux-x86_64-debian-clang, r-devel-linux-x86_64-debian-gcc, r-devel-linux-x86_64-fedora-clang, r-devel-linux-x86_64-fedora-gcc, r-devel-windows-x86_64, r-patched-linux-x86_64, r-release-linux-x86_64, r-release-macos-arm64, r-release-macos-x86_64, r-release-windows-x86_64, r-oldrel-macos-arm64, r-oldrel-macos-x86_64, r-oldrel-windows-x86_64
Version: 0.3.2
Check: HTML version of manual
Result: NOTE
Found the following HTML validation problems:
append_values_factory.html:50:1 (append_values_factory.Rd:12): Warning: missing </ul> before </div>
append_values_type.html:50:1 (append_values_type.Rd:12): Warning: missing </ul> before </div>
gather_factory.html:66:1 (gather_factory.Rd:24): Warning: missing </ul> before </div>
json_factory.html:46:1 (json_factory.Rd:10): Warning: missing </ul> before </div>
my_unlist.html:50:1 (my_unlist.Rd:12): Warning: missing </ul> before </div>
print.tbl_json.html:59:1 (print.tbl_json.Rd:16): Warning: missing </ul> before </div>
wrap_dplyr_verb.html:50:1 (wrap_dplyr_verb.Rd:12): Warning: missing </ul> before </div>
Flavors: r-devel-linux-x86_64-debian-clang, r-devel-linux-x86_64-debian-gcc