CRAN Package Check Results for Package tidyplus

Last updated on 2025-10-22 05:51:29 CEST.

Flavor Version Tinstall Tcheck Ttotal Status Flags
r-devel-linux-x86_64-debian-clang 0.2.0 4.35 50.02 54.37 NOTE
r-devel-linux-x86_64-debian-gcc 0.2.0 2.70 36.66 39.36 NOTE
r-devel-linux-x86_64-fedora-clang 0.2.0 17.00 68.12 85.12 NOTE
r-devel-linux-x86_64-fedora-gcc 0.2.0 75.37 NOTE
r-devel-windows-x86_64 0.2.0 5.00 64.00 69.00 NOTE
r-patched-linux-x86_64 0.2.0 5.95 46.15 52.10 NOTE
r-release-linux-x86_64 0.2.0 3.03 45.16 48.19 NOTE
r-release-macos-arm64 0.2.0 2.00 27.00 29.00 NOTE
r-release-macos-x86_64 0.2.0 3.00 48.00 51.00 OK
r-release-windows-x86_64 0.2.0 7.00 66.00 73.00 NOTE
r-oldrel-macos-arm64 0.2.0 2.00 30.00 32.00 OK
r-oldrel-macos-x86_64 0.2.0 3.00 40.00 43.00 OK
r-oldrel-windows-x86_64 0.2.0 7.00 77.00 84.00 OK

Check Details

Version: 0.2.0
Check: DESCRIPTION meta-information
Result: NOTE Missing dependency on R >= 4.1.0 because package code uses the pipe |> or function shorthand \(...) syntax added in R 4.1.0. File(s) using such syntax: ‘summarise2.Rd’ Flavors: r-devel-linux-x86_64-debian-clang, r-devel-linux-x86_64-debian-gcc, r-devel-linux-x86_64-fedora-clang, r-devel-linux-x86_64-fedora-gcc, r-devel-windows-x86_64, r-patched-linux-x86_64, r-release-linux-x86_64, r-release-macos-arm64, r-release-windows-x86_64