Last updated on 2025-10-22 05:51:29 CEST.
Flavor | Version | Tinstall | Tcheck | Ttotal | Status | Flags |
---|---|---|---|---|---|---|
r-devel-linux-x86_64-debian-clang | 0.4.3 | 10.55 | 159.00 | 169.55 | NOTE | |
r-devel-linux-x86_64-debian-gcc | 0.4.3 | 7.11 | 113.08 | 120.19 | NOTE | |
r-devel-linux-x86_64-fedora-clang | 0.4.3 | 55.00 | 219.86 | 274.86 | OK | |
r-devel-linux-x86_64-fedora-gcc | 0.4.3 | 20.00 | 244.45 | 264.45 | OK | |
r-devel-windows-x86_64 | 0.4.3 | 12.00 | 162.00 | 174.00 | OK | |
r-patched-linux-x86_64 | 0.4.3 | 11.57 | 150.61 | 162.18 | OK | |
r-release-linux-x86_64 | 0.4.3 | 10.61 | 151.17 | 161.78 | OK | |
r-release-macos-arm64 | 0.4.3 | 5.00 | 79.00 | 84.00 | OK | |
r-release-macos-x86_64 | 0.4.3 | 10.00 | 148.00 | 158.00 | OK | |
r-release-windows-x86_64 | 0.4.3 | 13.00 | 162.00 | 175.00 | OK | |
r-oldrel-macos-arm64 | 0.4.3 | 5.00 | 78.00 | 83.00 | OK | |
r-oldrel-macos-x86_64 | 0.4.3 | 10.00 | 142.00 | 152.00 | OK | |
r-oldrel-windows-x86_64 | 0.4.3 | 17.00 | 205.00 | 222.00 | OK |
Version: 0.4.3
Check: HTML version of manual
Result: NOTE
Found the following HTML validation problems:
tidy_triplet.html:58:1 (tidy_triplet.Rd:16): Warning: missing </ul> before </div>
Flavors: r-devel-linux-x86_64-debian-clang, r-devel-linux-x86_64-debian-gcc