Last updated on 2025-10-22 05:51:29 CEST.
Flavor | Version | Tinstall | Tcheck | Ttotal | Status | Flags |
---|---|---|---|---|---|---|
r-devel-linux-x86_64-debian-clang | 2.0.0 | 6.18 | 61.48 | 67.66 | NOTE | |
r-devel-linux-x86_64-debian-gcc | 2.0.0 | 4.66 | 45.65 | 50.31 | NOTE | |
r-devel-linux-x86_64-fedora-clang | 2.0.0 | 17.00 | 88.66 | 105.66 | OK | |
r-devel-linux-x86_64-fedora-gcc | 2.0.0 | 14.00 | 99.08 | 113.08 | OK | |
r-devel-windows-x86_64 | 2.0.0 | 9.00 | 73.00 | 82.00 | OK | |
r-patched-linux-x86_64 | 2.0.0 | 6.33 | 57.01 | 63.34 | OK | |
r-release-linux-x86_64 | 2.0.0 | 6.68 | 57.01 | 63.69 | OK | |
r-release-macos-arm64 | 2.0.0 | 3.00 | 33.00 | 36.00 | OK | |
r-release-macos-x86_64 | 2.0.0 | 5.00 | 64.00 | 69.00 | OK | |
r-release-windows-x86_64 | 2.0.0 | 9.00 | 74.00 | 83.00 | OK | |
r-oldrel-macos-arm64 | 2.0.0 | 3.00 | 33.00 | 36.00 | OK | |
r-oldrel-macos-x86_64 | 2.0.0 | 4.00 | 47.00 | 51.00 | OK | |
r-oldrel-windows-x86_64 | 2.0.0 | 11.00 | 90.00 | 101.00 | OK |
Version: 2.0.0
Check: HTML version of manual
Result: NOTE
Found the following HTML validation problems:
tidyverse_deps.html:52:1 (tidyverse_deps.Rd:14): Warning: missing </ul> before </div>
Flavors: r-devel-linux-x86_64-debian-clang, r-devel-linux-x86_64-debian-gcc