Last updated on 2025-10-22 05:51:31 CEST.
Flavor | Version | Tinstall | Tcheck | Ttotal | Status | Flags |
---|---|---|---|---|---|---|
r-devel-linux-x86_64-debian-clang | 1.3.0 | 242.95 | 569.59 | 812.54 | NOTE | |
r-devel-linux-x86_64-debian-gcc | 1.3.0 | 199.28 | 464.22 | 663.50 | NOTE | |
r-devel-linux-x86_64-fedora-clang | 1.3.0 | 960.00 | 288.30 | 1248.30 | OK | |
r-devel-linux-x86_64-fedora-gcc | 1.3.0 | 660.00 | 852.10 | 1512.10 | OK | |
r-devel-windows-x86_64 | 1.3.0 | 237.00 | 597.00 | 834.00 | OK | |
r-patched-linux-x86_64 | 1.3.0 | 266.01 | 601.67 | 867.68 | OK | |
r-release-linux-x86_64 | 1.3.0 | 286.54 | 603.20 | 889.74 | OK | |
r-release-macos-arm64 | 1.3.0 | 98.00 | 144.00 | 242.00 | OK | |
r-release-macos-x86_64 | 1.3.0 | 183.00 | 297.00 | 480.00 | OK | |
r-release-windows-x86_64 | 1.3.0 | 238.00 | 563.00 | 801.00 | OK | |
r-oldrel-macos-arm64 | 1.3.0 | 99.00 | 151.00 | 250.00 | NOTE | |
r-oldrel-macos-x86_64 | 1.3.0 | 219.00 | 311.00 | 530.00 | NOTE | |
r-oldrel-windows-x86_64 | 1.3.0 | 319.00 | 738.00 | 1057.00 | NOTE |
Version: 1.3.0
Check: HTML version of manual
Result: NOTE
Found the following HTML validation problems:
GetResponse.tinyVAST.html:51:1 (GetResponse.tinyVAST.Rd:12): Warning: missing </ul> before </div>
get_data.tinyVAST.html:51:1 (get_data.tinyVAST.Rd:12): Warning: missing </ul> before </div>
Flavors: r-devel-linux-x86_64-debian-clang, r-devel-linux-x86_64-debian-gcc
Version: 1.3.0
Check: installed package size
Result: NOTE
installed size is 106.7Mb
sub-directories of 1Mb or more:
data 2.8Mb
help 1.1Mb
libs 101.8Mb
Flavors: r-oldrel-macos-arm64, r-oldrel-macos-x86_64, r-oldrel-windows-x86_64