CRAN Package Check Results for Package tinylens

Last updated on 2025-10-22 05:51:29 CEST.

Flavor Version Tinstall Tcheck Ttotal Status Flags
r-devel-linux-x86_64-debian-clang 0.1.0 2.90 30.36 33.26 NOTE
r-devel-linux-x86_64-debian-gcc 0.1.0 2.17 24.32 26.49 NOTE
r-devel-linux-x86_64-fedora-clang 0.1.0 11.00 40.26 51.26 NOTE
r-devel-linux-x86_64-fedora-gcc 0.1.0 46.07 NOTE
r-devel-windows-x86_64 0.1.0 4.00 50.00 54.00 NOTE
r-patched-linux-x86_64 0.1.0 2.88 28.36 31.24 NOTE
r-release-linux-x86_64 0.1.0 2.73 28.21 30.94 NOTE
r-release-macos-arm64 0.1.0 2.00 23.00 25.00 NOTE
r-release-macos-x86_64 0.1.0 3.00 39.00 42.00 NOTE
r-release-windows-x86_64 0.1.0 4.00 52.00 56.00 NOTE
r-oldrel-macos-arm64 0.1.0 2.00 21.00 23.00 OK
r-oldrel-macos-x86_64 0.1.0 3.00 36.00 39.00 OK
r-oldrel-windows-x86_64 0.1.0 5.00 59.00 64.00 OK

Check Details

Version: 0.1.0
Check: DESCRIPTION meta-information
Result: NOTE Missing dependency on R >= 4.1.0 because package code uses the pipe |> or function shorthand \(...) syntax added in R 4.1.0. File(s) using such syntax: ‘base-lenses.R’ ‘where_il.Rd’ Flavors: r-devel-linux-x86_64-debian-clang, r-devel-linux-x86_64-debian-gcc, r-devel-linux-x86_64-fedora-clang, r-devel-linux-x86_64-fedora-gcc, r-devel-windows-x86_64, r-patched-linux-x86_64, r-release-linux-x86_64, r-release-macos-arm64, r-release-macos-x86_64, r-release-windows-x86_64