Last updated on 2025-10-22 05:51:31 CEST.
Flavor | Version | Tinstall | Tcheck | Ttotal | Status | Flags |
---|---|---|---|---|---|---|
r-devel-linux-x86_64-debian-clang | 0.1.0 | 7.30 | 151.44 | 158.74 | NOTE | |
r-devel-linux-x86_64-debian-gcc | 0.1.0 | 4.45 | 100.99 | 105.44 | NOTE | |
r-devel-linux-x86_64-fedora-clang | 0.1.0 | 35.00 | 227.87 | 262.87 | NOTE | |
r-devel-linux-x86_64-fedora-gcc | 0.1.0 | 14.00 | 311.60 | 325.60 | NOTE | |
r-devel-windows-x86_64 | 0.1.0 | 9.00 | 153.00 | 162.00 | NOTE | |
r-patched-linux-x86_64 | 0.1.0 | 6.89 | 147.39 | 154.28 | NOTE | |
r-release-linux-x86_64 | 0.1.0 | 6.67 | 142.69 | 149.36 | NOTE | |
r-release-macos-arm64 | 0.1.0 | 3.00 | 85.00 | 88.00 | NOTE | |
r-release-macos-x86_64 | 0.1.0 | 5.00 | 178.00 | 183.00 | NOTE | |
r-release-windows-x86_64 | 0.1.0 | 8.00 | 152.00 | 160.00 | NOTE | |
r-oldrel-macos-arm64 | 0.1.0 | 3.00 | 78.00 | 81.00 | NOTE | |
r-oldrel-macos-x86_64 | 0.1.0 | 4.00 | 135.00 | 139.00 | NOTE | |
r-oldrel-windows-x86_64 | 0.1.0 | 12.00 | 197.00 | 209.00 | NOTE |
Version: 0.1.0
Check: Rd files
Result: NOTE
checkRd: (-1) partition_undirected_graph.Rd:20: Lost braces; missing escapes or markup?
20 | \item{cutoff}{Numeric. The value max(0, g_{i,j} - cutoff) so that there are <\code{.num_components}> components in the graph.}
| ^
Flavors: r-devel-linux-x86_64-debian-clang, r-devel-linux-x86_64-debian-gcc, r-devel-linux-x86_64-fedora-clang, r-devel-linux-x86_64-fedora-gcc, r-devel-windows-x86_64, r-patched-linux-x86_64, r-release-linux-x86_64, r-release-macos-arm64, r-release-macos-x86_64, r-release-windows-x86_64, r-oldrel-macos-arm64, r-oldrel-macos-x86_64, r-oldrel-windows-x86_64