Last updated on 2025-07-21 08:50:20 CEST.
Flavor | Version | Tinstall | Tcheck | Ttotal | Status | Flags |
---|---|---|---|---|---|---|
r-devel-linux-x86_64-debian-clang | 0.3-1 | 7.18 | 68.67 | 75.85 | OK | |
r-devel-linux-x86_64-debian-gcc | 0.3-1 | 4.34 | 1.72 | 6.06 | ERROR | |
r-devel-linux-x86_64-fedora-clang | 0.3-1 | 165.39 | OK | |||
r-devel-linux-x86_64-fedora-gcc | 0.3-1 | 164.74 | OK | |||
r-devel-windows-x86_64 | 0.3-1 | 59.00 | 1100.00 | 1159.00 | OK | |
r-patched-linux-x86_64 | 0.3-1 | 8.31 | 64.57 | 72.88 | OK | |
r-release-linux-x86_64 | 0.3-1 | 7.57 | 65.28 | 72.85 | OK | |
r-release-macos-arm64 | 0.3-1 | 42.00 | OK | |||
r-release-macos-x86_64 | 0.3-1 | 64.00 | OK | |||
r-release-windows-x86_64 | 0.3-1 | 51.00 | 571.00 | 622.00 | OK | |
r-oldrel-macos-arm64 | 0.3-1 | 44.00 | OK | |||
r-oldrel-macos-x86_64 | 0.3-1 | 93.00 | OK | |||
r-oldrel-windows-x86_64 | 0.3-1 | 29.00 | 349.00 | 378.00 | OK |
Version: 0.3-1
Check: whether package can be installed
Result: ERROR
Installation failed.
Flavor: r-devel-linux-x86_64-debian-gcc