Last updated on 2025-10-22 05:51:31 CEST.
Flavor | Version | Tinstall | Tcheck | Ttotal | Status | Flags |
---|---|---|---|---|---|---|
r-devel-linux-x86_64-debian-clang | 1.1.0 | 9.25 | 380.00 | 389.25 | WARN | |
r-devel-linux-x86_64-debian-gcc | 1.1.0 | 7.95 | 231.06 | 239.01 | NOTE | |
r-devel-linux-x86_64-fedora-clang | 1.1.0 | 64.00 | 565.50 | 629.50 | OK | |
r-devel-linux-x86_64-fedora-gcc | 1.1.0 | 27.00 | 558.53 | 585.53 | OK | |
r-devel-windows-x86_64 | 1.0.0 | 11.00 | 319.00 | 330.00 | OK | |
r-patched-linux-x86_64 | 1.0.0 | 9.44 | 306.70 | 316.14 | OK | |
r-release-linux-x86_64 | 1.0.0 | 6.39 | 308.88 | 315.27 | OK | |
r-release-macos-arm64 | 1.1.0 | 5.00 | 141.00 | 146.00 | OK | |
r-release-macos-x86_64 | 1.1.0 | 12.00 | 246.00 | 258.00 | OK | |
r-release-windows-x86_64 | 1.1.0 | 18.00 | 315.00 | 333.00 | OK | |
r-oldrel-macos-arm64 | 1.1.0 | 6.00 | 140.00 | 146.00 | OK | |
r-oldrel-macos-x86_64 | 1.1.0 | 11.00 | 294.00 | 305.00 | OK | |
r-oldrel-windows-x86_64 | 1.1.0 | 18.00 | 329.00 | 347.00 | OK |
Version: 1.1.0
Check: whether package can be installed
Result: WARN
Found the following significant warnings:
Warning: namespace ‘seqHMM’ is not available and has been replaced
Flavor: r-devel-linux-x86_64-debian-clang
Version: 1.1.0
Check: HTML version of manual
Result: NOTE
Found the following HTML validation problems:
bootstrap_cliques.html:85:1 (bootstrap_cliques.Rd:39): Warning: missing </ul> before </div>
Flavors: r-devel-linux-x86_64-debian-clang, r-devel-linux-x86_64-debian-gcc