Last updated on 2025-10-22 05:51:31 CEST.
Flavor | Version | Tinstall | Tcheck | Ttotal | Status | Flags |
---|---|---|---|---|---|---|
r-devel-linux-x86_64-debian-clang | 0.3.6 | 9.33 | 130.18 | 139.51 | NOTE | |
r-devel-linux-x86_64-debian-gcc | 0.3.6 | 5.98 | 94.08 | 100.06 | NOTE | |
r-devel-linux-x86_64-fedora-clang | 0.3.6 | 63.00 | 165.13 | 228.13 | OK | |
r-devel-linux-x86_64-fedora-gcc | 0.3.6 | 19.00 | 205.27 | 224.27 | OK | |
r-devel-windows-x86_64 | 0.3.6 | 11.00 | 130.00 | 141.00 | OK | |
r-patched-linux-x86_64 | 0.3.6 | 8.12 | 122.59 | 130.71 | OK | |
r-release-linux-x86_64 | 0.3.6 | 7.55 | 123.58 | 131.13 | OK | |
r-release-macos-arm64 | 0.3.6 | 5.00 | 64.00 | 69.00 | OK | |
r-release-macos-x86_64 | 0.3.6 | 15.00 | 117.00 | 132.00 | OK | |
r-release-windows-x86_64 | 0.3.6 | 12.00 | 134.00 | 146.00 | OK | |
r-oldrel-macos-arm64 | 0.3.6 | 4.00 | 69.00 | 73.00 | OK | |
r-oldrel-macos-x86_64 | 0.3.6 | 15.00 | 147.00 | 162.00 | OK | |
r-oldrel-windows-x86_64 | 0.3.6 | 14.00 | 167.00 | 181.00 | OK |
Version: 0.3.6
Check: HTML version of manual
Result: NOTE
Found the following HTML validation problems:
tongfen_ca_census_ct.html:70:1 (tongfen_ca_census_ct.Rd:24): Warning: missing </ul> before </div>
Flavors: r-devel-linux-x86_64-debian-clang, r-devel-linux-x86_64-debian-gcc