Last updated on 2025-10-22 05:51:31 CEST.
Flavor | Version | Tinstall | Tcheck | Ttotal | Status | Flags |
---|---|---|---|---|---|---|
r-devel-linux-x86_64-debian-clang | 0.1.0 | 3.49 | 36.12 | 39.61 | NOTE | |
r-devel-linux-x86_64-debian-gcc | 0.1.0 | 2.73 | 26.89 | 29.62 | NOTE | |
r-devel-linux-x86_64-fedora-clang | 0.1.0 | 23.00 | 37.21 | 60.21 | NOTE | |
r-devel-linux-x86_64-fedora-gcc | 0.1.0 | 53.23 | NOTE | |||
r-devel-windows-x86_64 | 0.1.0 | 5.00 | 56.00 | 61.00 | NOTE | |
r-patched-linux-x86_64 | 0.1.0 | 3.97 | 31.76 | 35.73 | NOTE | |
r-release-linux-x86_64 | 0.1.0 | 3.84 | 31.65 | 35.49 | NOTE | |
r-release-macos-arm64 | 0.1.0 | 2.00 | 22.00 | 24.00 | NOTE | |
r-release-macos-x86_64 | 0.1.0 | 3.00 | 28.00 | 31.00 | NOTE | |
r-release-windows-x86_64 | 0.1.0 | 5.00 | 51.00 | 56.00 | NOTE | |
r-oldrel-macos-arm64 | 0.1.0 | 2.00 | 19.00 | 21.00 | NOTE | |
r-oldrel-macos-x86_64 | 0.1.0 | 2.00 | 27.00 | 29.00 | NOTE | |
r-oldrel-windows-x86_64 | 0.1.0 | 6.00 | 56.00 | 62.00 | NOTE |
Version: 0.1.0
Check: Rd files
Result: NOTE
checkRd: (-1) getSegsExtra.Rd:14: Lost braces
14 | \item{data}{data.table returned from function /code{tdtr}}
| ^
Flavors: r-devel-linux-x86_64-debian-clang, r-devel-linux-x86_64-debian-gcc, r-devel-linux-x86_64-fedora-clang, r-devel-linux-x86_64-fedora-gcc, r-devel-windows-x86_64, r-patched-linux-x86_64, r-release-linux-x86_64, r-release-macos-arm64, r-release-macos-x86_64, r-release-windows-x86_64, r-oldrel-macos-arm64, r-oldrel-macos-x86_64, r-oldrel-windows-x86_64
Version: 0.1.0
Check: HTML version of manual
Result: NOTE
Found the following HTML validation problems:
iterate.html:52:1 (iterate.Rd:13): Warning: missing </ul> before </div>
Flavors: r-devel-linux-x86_64-debian-clang, r-devel-linux-x86_64-debian-gcc