Last updated on 2025-10-22 05:51:31 CEST.
Flavor | Version | Tinstall | Tcheck | Ttotal | Status | Flags |
---|---|---|---|---|---|---|
r-devel-linux-x86_64-debian-clang | 0.0.4 | 6.80 | 67.82 | 74.62 | NOTE | |
r-devel-linux-x86_64-debian-gcc | 0.0.4 | 5.26 | 50.70 | 55.96 | NOTE | |
r-devel-linux-x86_64-fedora-clang | 0.0.4 | 66.00 | 58.85 | 124.85 | OK | |
r-devel-linux-x86_64-fedora-gcc | 0.0.4 | 16.00 | 94.12 | 110.12 | OK | |
r-devel-windows-x86_64 | 0.0.4 | 10.00 | 76.00 | 86.00 | OK | |
r-patched-linux-x86_64 | 0.0.4 | 7.45 | 63.46 | 70.91 | OK | |
r-release-linux-x86_64 | 0.0.4 | 6.99 | 64.11 | 71.10 | OK | |
r-release-macos-arm64 | 0.0.4 | 3.00 | 27.00 | 30.00 | OK | |
r-release-macos-x86_64 | 0.0.4 | 5.00 | 54.00 | 59.00 | OK | |
r-release-windows-x86_64 | 0.0.4 | 10.00 | 77.00 | 87.00 | OK | |
r-oldrel-macos-arm64 | 0.0.4 | 3.00 | 30.00 | 33.00 | OK | |
r-oldrel-macos-x86_64 | 0.0.4 | 5.00 | 43.00 | 48.00 | OK | |
r-oldrel-windows-x86_64 | 0.0.4 | 14.00 | 94.00 | 108.00 | OK |
Version: 0.0.4
Check: HTML version of manual
Result: NOTE
Found the following HTML validation problems:
createStamp.html:63:1 (createStamp.Rd:20): Warning: missing </ul> before </div>
ftstamp.html:65:1 (ftstamp.Rd:21): Warning: missing </ul> before </div>
stampFlextab.html:65:1 (stampFlextab.Rd:21): Warning: missing </ul> before </div>
Flavors: r-devel-linux-x86_64-debian-clang, r-devel-linux-x86_64-debian-gcc