Last updated on 2025-10-24 04:51:15 CEST.
| Flavor | Version | Tinstall | Tcheck | Ttotal | Status | Flags |
|---|---|---|---|---|---|---|
| r-devel-linux-x86_64-debian-clang | 1.0.0 | 2.03 | 24.10 | 26.13 | OK | |
| r-devel-linux-x86_64-debian-gcc | 1.0.0 | 1.63 | 19.36 | 20.99 | OK | |
| r-devel-linux-x86_64-fedora-clang | 1.0.0 | 16.00 | 23.43 | 39.43 | OK | |
| r-devel-linux-x86_64-fedora-gcc | 1.0.0 | 35.54 | OK | |||
| r-devel-windows-x86_64 | 1.0.0 | 3.00 | 40.00 | 43.00 | OK | |
| r-patched-linux-x86_64 | 1.0.0 | 2.07 | 21.97 | 24.04 | OK | |
| r-release-linux-x86_64 | 1.0.0 | 2.01 | 21.82 | 23.83 | OK | |
| r-release-macos-arm64 | 1.0.0 | 10.00 | 16.00 | 26.00 | OK | |
| r-release-macos-x86_64 | 1.0.0 | 16.00 | 24.00 | 40.00 | OK | |
| r-release-windows-x86_64 | 1.0.0 | 3.00 | 42.00 | 45.00 | OK | |
| r-oldrel-macos-arm64 | 1.0.0 | 6.00 | 16.00 | 22.00 | NOTE | |
| r-oldrel-macos-x86_64 | 1.0.0 | 9.00 | 21.00 | 30.00 | NOTE | |
| r-oldrel-windows-x86_64 | 1.0.0 | 3.00 | 45.00 | 48.00 | NOTE |
Version: 1.0.0
Check: LazyData
Result: NOTE
'LazyData' is specified without a 'data' directory
Flavors: r-oldrel-macos-arm64, r-oldrel-macos-x86_64, r-oldrel-windows-x86_64