Last updated on 2025-10-22 05:51:31 CEST.
Flavor | Version | Tinstall | Tcheck | Ttotal | Status | Flags |
---|---|---|---|---|---|---|
r-devel-linux-x86_64-debian-clang | 0.3.3 | 7.32 | 97.47 | 104.79 | NOTE | |
r-devel-linux-x86_64-debian-gcc | 0.3.3 | 4.59 | 71.74 | 76.33 | NOTE | |
r-devel-linux-x86_64-fedora-clang | 0.3.3 | 50.00 | 123.82 | 173.82 | OK | |
r-devel-linux-x86_64-fedora-gcc | 0.3.3 | 16.00 | 159.60 | 175.60 | OK | |
r-devel-windows-x86_64 | 0.3.3 | 10.00 | 114.00 | 124.00 | OK | |
r-patched-linux-x86_64 | 0.3.3 | 6.91 | 92.45 | 99.36 | OK | |
r-release-linux-x86_64 | 0.3.3 | 7.14 | 92.08 | 99.22 | OK | |
r-release-macos-arm64 | 0.3.3 | 3.00 | 49.00 | 52.00 | OK | |
r-release-macos-x86_64 | 0.3.3 | 6.00 | 96.00 | 102.00 | OK | |
r-release-windows-x86_64 | 0.3.3 | 9.00 | 116.00 | 125.00 | OK | |
r-oldrel-macos-arm64 | 0.3.3 | 3.00 | 51.00 | 54.00 | OK | |
r-oldrel-macos-x86_64 | 0.3.3 | 5.00 | 76.00 | 81.00 | OK | |
r-oldrel-windows-x86_64 | 0.3.3 | 14.00 | 143.00 | 157.00 | OK |
Version: 0.3.3
Check: HTML version of manual
Result: NOTE
Found the following HTML validation problems:
filter.html:45:1 (filter.Rd:9): Warning: missing </ul> before </div>
Flavors: r-devel-linux-x86_64-debian-clang, r-devel-linux-x86_64-debian-gcc