Last updated on 2025-10-22 05:51:31 CEST.
Flavor | Version | Tinstall | Tcheck | Ttotal | Status | Flags |
---|---|---|---|---|---|---|
r-devel-linux-x86_64-debian-clang | 6.0.0 | 3.96 | 39.46 | 43.42 | NOTE | |
r-devel-linux-x86_64-debian-gcc | 6.0.0 | 3.07 | 30.46 | 33.53 | NOTE | |
r-devel-linux-x86_64-fedora-clang | 6.0.0 | 22.00 | 51.38 | 73.38 | OK | |
r-devel-linux-x86_64-fedora-gcc | 6.0.0 | 78.86 | OK | |||
r-devel-windows-x86_64 | 6.0.0 | 6.00 | 58.00 | 64.00 | OK | |
r-patched-linux-x86_64 | 6.0.0 | 3.90 | 37.21 | 41.11 | OK | |
r-release-linux-x86_64 | 6.0.0 | 3.57 | 37.60 | 41.17 | OK | |
r-release-macos-arm64 | 6.0.0 | 2.00 | 29.00 | 31.00 | OK | |
r-release-macos-x86_64 | 6.0.0 | 4.00 | 55.00 | 59.00 | OK | |
r-release-windows-x86_64 | 6.0.0 | 7.00 | 59.00 | 66.00 | OK | |
r-oldrel-macos-arm64 | 6.0.0 | 2.00 | 34.00 | 36.00 | OK | |
r-oldrel-macos-x86_64 | 6.0.0 | 3.00 | 59.00 | 62.00 | OK | |
r-oldrel-windows-x86_64 | 6.0.0 | 7.00 | 68.00 | 75.00 | OK |
Version: 6.0.0
Check: HTML version of manual
Result: NOTE
Found the following HTML validation problems:
ots_cache.html:56:1 (ots_cache.Rd:15): Warning: missing </ul> before </div>
Flavors: r-devel-linux-x86_64-debian-clang, r-devel-linux-x86_64-debian-gcc