Last updated on 2025-10-22 05:51:31 CEST.
Flavor | Version | Tinstall | Tcheck | Ttotal | Status | Flags |
---|---|---|---|---|---|---|
r-devel-linux-x86_64-debian-clang | 1.0.1 | 5.99 | 54.61 | 60.60 | NOTE | |
r-devel-linux-x86_64-debian-gcc | 1.0.1 | 4.69 | 39.92 | 44.61 | NOTE | |
r-devel-linux-x86_64-fedora-clang | 1.0.1 | 28.00 | 75.45 | 103.45 | OK | |
r-devel-linux-x86_64-fedora-gcc | 1.0.1 | 16.00 | 89.50 | 105.50 | OK | |
r-devel-windows-x86_64 | 1.0.1 | 8.00 | 74.00 | 82.00 | OK | |
r-patched-linux-x86_64 | 1.0.1 | 7.25 | 52.82 | 60.07 | OK | |
r-release-linux-x86_64 | 1.0.1 | 6.58 | 53.31 | 59.89 | OK | |
r-release-macos-arm64 | 1.0.1 | 3.00 | 46.00 | 49.00 | OK | |
r-release-macos-x86_64 | 1.0.1 | 6.00 | 78.00 | 84.00 | OK | |
r-release-windows-x86_64 | 1.0.1 | 10.00 | 77.00 | 87.00 | OK | |
r-oldrel-macos-arm64 | 1.0.1 | 3.00 | 28.00 | 31.00 | NOTE | |
r-oldrel-macos-x86_64 | 1.0.1 | 5.00 | 46.00 | 51.00 | NOTE | |
r-oldrel-windows-x86_64 | 1.0.1 | 12.00 | 88.00 | 100.00 | NOTE |
Version: 1.0.1
Check: HTML version of manual
Result: NOTE
Found the following HTML validation problems:
plot.trafo_compare.html:52:1 (plot.trafo_compare.Rd:12): Warning: missing </ul> before </div>
plot.trafo_lm.html:53:1 (plot.trafo_lm.Rd:13): Warning: missing </ul> before </div>
plot_trafolm.html:79:1 (plot_trafolm.Rd:31): Warning: missing </ul> before </div>
print.diagnostics.trafo_compare.html:51:1 (print.diagnostics.trafo_compare.Rd:12): Warning: missing </ul> before </div>
print.diagnostics.trafo_lm.html:51:1 (print.diagnostics.trafo_lm.Rd:12): Warning: missing </ul> before </div>
print.summary.trafo_compare.html:52:1 (print.summary.trafo_compare.Rd:12): Warning: missing </ul> before </div>
print.summary.trafo_lm.html:52:1 (print.summary.trafo_lm.Rd:12): Warning: missing </ul> before </div>
print.trafo.html:51:1 (print.trafo.Rd:12): Warning: missing </ul> before </div>
print.trafo_compare.html:51:1 (print.trafo_compare.Rd:12): Warning: missing </ul> before </div>
print.trafo_lm.html:51:1 (print.trafo_lm.Rd:12): Warning: missing </ul> before </div>
Flavors: r-devel-linux-x86_64-debian-clang, r-devel-linux-x86_64-debian-gcc
Version: 1.0.1
Check: LazyData
Result: NOTE
'LazyData' is specified without a 'data' directory
Flavors: r-oldrel-macos-arm64, r-oldrel-macos-x86_64, r-oldrel-windows-x86_64