Last updated on 2025-10-22 05:51:31 CEST.
Flavor | Version | Tinstall | Tcheck | Ttotal | Status | Flags |
---|---|---|---|---|---|---|
r-devel-linux-x86_64-debian-clang | 0.1.0 | 12.06 | 235.63 | 247.69 | NOTE | |
r-devel-linux-x86_64-debian-gcc | 0.1.0 | 7.30 | 156.20 | 163.50 | NOTE | |
r-devel-linux-x86_64-fedora-clang | 0.1.0 | 91.00 | 322.89 | 413.89 | NOTE | |
r-devel-linux-x86_64-fedora-gcc | 0.1.0 | 25.00 | 376.22 | 401.22 | NOTE | |
r-devel-windows-x86_64 | 0.1.0 | 13.00 | 233.00 | 246.00 | NOTE | |
r-patched-linux-x86_64 | 0.1.0 | 11.77 | 219.95 | 231.72 | NOTE | |
r-release-linux-x86_64 | 0.1.0 | 10.25 | 220.55 | 230.80 | NOTE | |
r-release-macos-arm64 | 0.1.0 | 5.00 | 115.00 | 120.00 | NOTE | |
r-release-macos-x86_64 | 0.1.0 | 9.00 | 221.00 | 230.00 | NOTE | |
r-release-windows-x86_64 | 0.1.0 | 14.00 | 231.00 | 245.00 | NOTE | |
r-oldrel-macos-arm64 | 0.1.0 | 5.00 | 105.00 | 110.00 | NOTE | |
r-oldrel-macos-x86_64 | 0.1.0 | 7.00 | 170.00 | 177.00 | NOTE | |
r-oldrel-windows-x86_64 | 0.1.0 | 15.00 | 307.00 | 322.00 | NOTE |
Version: 0.1.0
Check: Rd files
Result: NOTE
checkRd: (-1) trait_missing.Rd:17-18: Lost braces in \itemize; \value handles \item{}{} directly
checkRd: (-1) trait_missing.Rd:19-20: Lost braces in \itemize; \value handles \item{}{} directly
checkRd: (-1) trait_missing.Rd:21-22: Lost braces in \itemize; \value handles \item{}{} directly
checkRd: (-1) trait_missing.Rd:23-24: Lost braces in \itemize; \value handles \item{}{} directly
Flavors: r-devel-linux-x86_64-debian-clang, r-devel-linux-x86_64-debian-gcc, r-devel-linux-x86_64-fedora-clang, r-devel-linux-x86_64-fedora-gcc, r-devel-windows-x86_64, r-patched-linux-x86_64, r-release-linux-x86_64, r-release-macos-arm64, r-release-macos-x86_64, r-release-windows-x86_64, r-oldrel-macos-arm64, r-oldrel-macos-x86_64, r-oldrel-windows-x86_64
Version: 0.1.0
Check: HTML version of manual
Result: NOTE
Found the following HTML validation problems:
quiet.html:47:1 (quiet.Rd:10): Warning: missing </ul> before </div>
Flavors: r-devel-linux-x86_64-debian-clang, r-devel-linux-x86_64-debian-gcc