Last updated on 2025-10-24 04:51:15 CEST.
| Flavor | Version | Tinstall | Tcheck | Ttotal | Status | Flags |
|---|---|---|---|---|---|---|
| r-devel-linux-x86_64-debian-clang | 0.15-4 | 68.08 | 68.57 | 136.65 | OK | |
| r-devel-linux-x86_64-debian-gcc | 0.15-4 | 43.78 | 50.32 | 94.10 | OK | |
| r-devel-linux-x86_64-fedora-clang | 0.15-4 | 492.00 | -215.61 | 276.39 | OK | |
| r-devel-linux-x86_64-fedora-gcc | 0.15-4 | 147.00 | 77.11 | 224.11 | OK | |
| r-devel-windows-x86_64 | 0.15-4 | 84.00 | 110.00 | 194.00 | OK | |
| r-patched-linux-x86_64 | 0.15-4 | 68.21 | 65.37 | 133.58 | OK | |
| r-release-linux-x86_64 | 0.15-4 | 64.35 | 66.27 | 130.62 | OK | |
| r-release-macos-arm64 | 0.15-4 | 28.00 | 32.00 | 60.00 | OK | |
| r-release-macos-x86_64 | 0.15-4 | 28.00 | 56.00 | 84.00 | OK | |
| r-release-windows-x86_64 | 0.15-4 | 86.00 | 129.00 | 215.00 | OK | |
| r-oldrel-macos-arm64 | 0.15-4 | 24.00 | 35.00 | 59.00 | NOTE | |
| r-oldrel-macos-x86_64 | 0.15-4 | 44.00 | 70.00 | 114.00 | NOTE | |
| r-oldrel-windows-x86_64 | 0.15-4 | 96.00 | 138.00 | 234.00 | OK |
Version: 0.15-4
Check: installed package size
Result: NOTE
installed size is 8.8Mb
sub-directories of 1Mb or more:
libs 8.2Mb
Flavors: r-oldrel-macos-arm64, r-oldrel-macos-x86_64