Last updated on 2025-10-22 05:51:31 CEST.
Flavor | Version | Tinstall | Tcheck | Ttotal | Status | Flags |
---|---|---|---|---|---|---|
r-devel-linux-x86_64-debian-clang | 0.0.1 | 3.22 | 54.06 | 57.28 | NOTE | |
r-devel-linux-x86_64-debian-gcc | 0.0.1 | 2.30 | 41.58 | 43.88 | NOTE | |
r-devel-linux-x86_64-fedora-clang | 0.0.1 | 18.00 | 73.31 | 91.31 | OK | |
r-devel-linux-x86_64-fedora-gcc | 0.0.1 | 97.70 | OK | |||
r-devel-windows-x86_64 | 0.0.1 | 5.00 | 83.00 | 88.00 | OK | |
r-patched-linux-x86_64 | 0.0.1 | 3.56 | 51.97 | 55.53 | OK | |
r-release-linux-x86_64 | 0.0.1 | 3.05 | 52.11 | 55.16 | OK | |
r-release-macos-arm64 | 0.0.1 | 2.00 | 37.00 | 39.00 | OK | |
r-release-macos-x86_64 | 0.0.1 | 3.00 | 61.00 | 64.00 | OK | |
r-release-windows-x86_64 | 0.0.1 | 4.00 | 84.00 | 88.00 | OK | |
r-oldrel-macos-arm64 | 0.0.1 | 1.00 | 29.00 | 30.00 | NOTE | |
r-oldrel-macos-x86_64 | 0.0.1 | 2.00 | 47.00 | 49.00 | NOTE | |
r-oldrel-windows-x86_64 | 0.0.1 | 5.00 | 95.00 | 100.00 | NOTE |
Version: 0.0.1
Check: HTML version of manual
Result: NOTE
Found the following HTML validation problems:
modex.html:56:1 (modex.Rd:19): Warning: missing </ul> before </div>
plotx.html:52:1 (plotx.Rd:14): Warning: missing </ul> before </div>
skewness.html:56:1 (skewness.Rd:19): Warning: missing </ul> before </div>
Flavors: r-devel-linux-x86_64-debian-clang, r-devel-linux-x86_64-debian-gcc
Version: 0.0.1
Check: LazyData
Result: NOTE
'LazyData' is specified without a 'data' directory
Flavors: r-oldrel-macos-arm64, r-oldrel-macos-x86_64, r-oldrel-windows-x86_64