CRAN Package Check Results for Package trigpoints

Last updated on 2025-10-22 05:51:31 CEST.

Flavor Version Tinstall Tcheck Ttotal Status Flags
r-devel-linux-x86_64-debian-clang 1.0.0 5.75 48.54 54.29 NOTE
r-devel-linux-x86_64-debian-gcc 1.0.0 4.20 35.50 39.70 NOTE
r-devel-linux-x86_64-fedora-clang 1.0.0 34.00 52.93 86.93 OK
r-devel-linux-x86_64-fedora-gcc 1.0.0 19.00 66.82 85.82 OK
r-devel-windows-x86_64 1.0.0 8.00 61.00 69.00 OK
r-patched-linux-x86_64 1.0.0 5.66 45.33 50.99 OK
r-release-linux-x86_64 1.0.0 6.25 45.52 51.77 OK
r-release-macos-arm64 1.0.0 5.00 40.00 45.00 OK
r-release-macos-x86_64 1.0.0 5.00 51.00 56.00 OK
r-release-windows-x86_64 1.0.0 7.00 64.00 71.00 OK
r-oldrel-macos-arm64 1.0.0 3.00 23.00 26.00 OK
r-oldrel-macos-x86_64 1.0.0 4.00 37.00 41.00 OK
r-oldrel-windows-x86_64 1.0.0 10.00 73.00 83.00 OK

Check Details

Version: 1.0.0
Check: CRAN incoming feasibility
Result: NOTE Maintainer: ‘Phil Mike Jones <philmikejones@gmail.com>’ Found the following (possibly) invalid file URI: URI: CODE_OF_CONDUCT.md From: README.md Flavors: r-devel-linux-x86_64-debian-clang, r-devel-linux-x86_64-debian-gcc