Last updated on 2025-10-24 04:51:15 CEST.
| Flavor | Version | Tinstall | Tcheck | Ttotal | Status | Flags |
|---|---|---|---|---|---|---|
| r-devel-linux-x86_64-debian-clang | 0.0-46 | 9.29 | 71.28 | 80.57 | NOTE | |
| r-devel-linux-x86_64-debian-gcc | 0.0-46 | 7.08 | 52.91 | 59.99 | NOTE | |
| r-devel-linux-x86_64-fedora-clang | 0.0-46 | 50.00 | 76.67 | 126.67 | OK | |
| r-devel-linux-x86_64-fedora-gcc | 0.0-46 | 28.00 | 91.65 | 119.65 | OK | |
| r-devel-windows-x86_64 | 0.0-46 | 10.00 | 78.00 | 88.00 | OK | |
| r-patched-linux-x86_64 | 0.0-46 | 8.80 | 67.56 | 76.36 | OK | |
| r-release-linux-x86_64 | 0.0-46 | 8.39 | 67.66 | 76.05 | OK | |
| r-release-macos-arm64 | 0.0-46 | 5.00 | 36.00 | 41.00 | OK | |
| r-release-macos-x86_64 | 0.0-46 | 10.00 | 65.00 | 75.00 | OK | |
| r-release-windows-x86_64 | 0.0-46 | 11.00 | 81.00 | 92.00 | OK | |
| r-oldrel-macos-arm64 | 0.0-46 | 4.00 | 31.00 | 35.00 | OK | |
| r-oldrel-macos-x86_64 | 0.0-46 | 6.00 | 47.00 | 53.00 | OK | |
| r-oldrel-windows-x86_64 | 0.0-46 | 13.00 | 100.00 | 113.00 | OK |
Version: 0.0-46
Check: CRAN incoming feasibility
Result: NOTE
Maintainer: ‘Michael D. Sumner <mdsumner@gmail.com>’
The BugReports field in DESCRIPTION has
https://github.com/Trackage/tripEstimation
which should likely be
https://github.com/Trackage/tripEstimation/issues
instead.
Flavors: r-devel-linux-x86_64-debian-clang, r-devel-linux-x86_64-debian-gcc