Last updated on 2025-10-22 05:51:31 CEST.
Flavor | Version | Tinstall | Tcheck | Ttotal | Status | Flags |
---|---|---|---|---|---|---|
r-devel-linux-x86_64-debian-clang | 0.0 | 8.64 | 112.38 | 121.02 | NOTE | |
r-devel-linux-x86_64-debian-gcc | 0.0 | 5.95 | 83.59 | 89.54 | NOTE | |
r-devel-linux-x86_64-fedora-clang | 0.0 | 49.00 | 147.46 | 196.46 | OK | |
r-devel-linux-x86_64-fedora-gcc | 0.0 | 17.00 | 173.07 | 190.07 | OK | |
r-devel-windows-x86_64 | 0.0 | 9.00 | 104.00 | 113.00 | OK | |
r-patched-linux-x86_64 | 0.0 | 7.85 | 104.84 | 112.69 | OK | |
r-release-linux-x86_64 | 0.0 | 7.64 | 104.67 | 112.31 | OK | |
r-release-macos-arm64 | 0.0 | 4.00 | 61.00 | 65.00 | OK | |
r-release-macos-x86_64 | 0.0 | 6.00 | 88.00 | 94.00 | OK | |
r-release-windows-x86_64 | 0.0 | 10.00 | 109.00 | 119.00 | OK | |
r-oldrel-macos-arm64 | 0.0 | 4.00 | 45.00 | 49.00 | OK | |
r-oldrel-macos-x86_64 | 0.0 | 7.00 | 89.00 | 96.00 | OK | |
r-oldrel-windows-x86_64 | 0.0 | 13.00 | 139.00 | 152.00 | OK |
Version: 0.0
Check: HTML version of manual
Result: NOTE
Found the following HTML validation problems:
FilterResults-class.html:74:1 (FilterResults-class.Rd:36): Warning: <h4> anchor "Parameters" already defined
FilterResults-class.html:92:1 (FilterResults-class.Rd:45): Warning: <h4> anchor "Return-Value" already defined
FilterResults-class.html:103:1 (FilterResults-class.Rd:51): Warning: <h4> anchor "Parameters" already defined
FilterResults-class.html:125:1 (FilterResults-class.Rd:62): Warning: <h4> anchor "Return-Value" already defined
FilterResults-class.html:148:1 (FilterResults-class.Rd:80): Warning: <h4> anchor "Parameters" already defined
FilterResults-class.html:173:1 (FilterResults-class.Rd:92): Warning: <h4> anchor "Return-Value" already defined
SSModelBase-class.html:77:1 (SSModelBase-class.Rd:43): Warning: <h4> anchor "Parameters" already defined
SSModelBase-class.html:179:1 (SSModelBase-class.Rd:109): Warning: <h4> anchor "Parameters" already defined
SSModelBase-class.html:200:1 (SSModelBase-class.Rd:117): Warning: <h4> anchor "Return-Value" already defined
SSModelDynGompertzReinit-class.html:95:1 (SSModelDynGompertzReinit-class.Rd:50): Warning: <h5> anchor "Parameters" already defined
Flavors: r-devel-linux-x86_64-debian-clang, r-devel-linux-x86_64-debian-gcc