Last updated on 2025-10-24 04:51:15 CEST.
| Flavor | Version | Tinstall | Tcheck | Ttotal | Status | Flags |
|---|---|---|---|---|---|---|
| r-devel-linux-x86_64-debian-clang | 0.4.4 | 5.42 | 61.97 | 67.39 | NOTE | |
| r-devel-linux-x86_64-debian-gcc | 0.4.4 | 3.75 | 47.98 | 51.73 | OK | |
| r-devel-linux-x86_64-fedora-clang | 0.4.4 | 28.00 | 67.24 | 95.24 | OK | |
| r-devel-linux-x86_64-fedora-gcc | 0.4.4 | 11.00 | 90.83 | 101.83 | OK | |
| r-devel-windows-x86_64 | 0.4.4 | 6.00 | 66.00 | 72.00 | OK | |
| r-patched-linux-x86_64 | 0.4.4 | 5.47 | 57.74 | 63.21 | OK | |
| r-release-linux-x86_64 | 0.4.4 | 4.43 | 57.62 | 62.05 | OK | |
| r-release-macos-arm64 | 0.4.4 | 2.00 | 32.00 | 34.00 | OK | |
| r-release-macos-x86_64 | 0.4.4 | 9.00 | 70.00 | 79.00 | OK | |
| r-release-windows-x86_64 | 0.4.4 | 7.00 | 70.00 | 77.00 | OK | |
| r-oldrel-macos-arm64 | 0.4.4 | 3.00 | 43.00 | 46.00 | OK | |
| r-oldrel-macos-x86_64 | 0.4.4 | 7.00 | 69.00 | 76.00 | OK | |
| r-oldrel-windows-x86_64 | 0.4.4 | 8.00 | 81.00 | 89.00 | OK |
Version: 0.4.4
Check: HTML version of manual
Result: NOTE
Found the following HTML validation problems:
compute_decimal_time.html:51:1 (compute_decimal_time.Rd:12): Warning: missing </ul> before </div>
concat_ts.html:51:1 (concat_ts.Rd:12): Warning: missing </ul> before </div>
fill_year_with_nas.html:54:1 (fill_year_with_nas.Rd:14): Warning: missing </ul> before </div>
get_date_vector.html:52:1 (get_date_vector.Rd:12): Warning: missing </ul> before </div>
long_to_ts.html:65:1 (long_to_ts.Rd:23): Warning: missing </ul> before </div>
m_to_q.html:47:1 (m_to_q.Rd:10): Warning: missing </ul> before </div>
overlap_sorted_ts_lists.html:51:1 (overlap_sorted_ts_lists.Rd:12): Warning: missing </ul> before </div>
overlap_ts_lists_by_name.html:58:1 (overlap_ts_lists_by_name.Rd:16): Warning: missing </ul> before </div>
strip_nas.html:48:1 (strip_nas.Rd:13): Warning: missing </ul> before </div>
wide_to_ts.html:61:1 (wide_to_ts.Rd:18): Warning: missing </ul> before </div>
Flavor: r-devel-linux-x86_64-debian-clang