Last updated on 2025-10-22 05:51:31 CEST.
Flavor | Version | Tinstall | Tcheck | Ttotal | Status | Flags |
---|---|---|---|---|---|---|
r-devel-linux-x86_64-debian-clang | 2.0.1 | 25.71 | 173.82 | 199.53 | NOTE | |
r-devel-linux-x86_64-debian-gcc | 2.0.1 | 15.86 | 118.70 | 134.56 | NOTE | |
r-devel-linux-x86_64-fedora-clang | 2.0.1 | 166.00 | 142.19 | 308.19 | OK | |
r-devel-linux-x86_64-fedora-gcc | 2.0.1 | 49.00 | 231.81 | 280.81 | OK | |
r-devel-windows-x86_64 | 2.0.1 | 25.00 | 159.00 | 184.00 | OK | |
r-patched-linux-x86_64 | 2.0.0 | 24.83 | 156.98 | 181.81 | OK | |
r-release-linux-x86_64 | 2.0.1 | 22.95 | 156.14 | 179.09 | OK | |
r-release-macos-arm64 | 2.0.1 | 11.00 | 60.00 | 71.00 | OK | |
r-release-macos-x86_64 | 2.0.1 | 28.00 | 144.00 | 172.00 | OK | |
r-release-windows-x86_64 | 2.0.1 | 27.00 | 156.00 | 183.00 | OK | |
r-oldrel-macos-arm64 | 2.0.1 | 11.00 | 64.00 | 75.00 | OK | |
r-oldrel-macos-x86_64 | 2.0.1 | 24.00 | 137.00 | 161.00 | OK | |
r-oldrel-windows-x86_64 | 2.0.1 | 36.00 | 172.00 | 208.00 | OK |
Version: 2.0.1
Check: HTML version of manual
Result: NOTE
Found the following HTML validation problems:
empty_ellipses.html:181:1 (empty_ellipses.Rd:124): Warning: missing </ul> before </div>
get_metric_time.html:50:1 (get_metric_time.Rd:12): Warning: missing </ul> before </div>
internal-parallel.html:95:1 (internal-parallel.Rd:53): Warning: missing </ul> before </div>
tune-internal-functions.html:124:1 (tune-internal-functions.Rd:67): Warning: missing </ul> before </div>
Flavors: r-devel-linux-x86_64-debian-clang, r-devel-linux-x86_64-debian-gcc