Last updated on 2025-10-24 04:51:15 CEST.
| Flavor | Version | Tinstall | Tcheck | Ttotal | Status | Flags |
|---|---|---|---|---|---|---|
| r-devel-linux-x86_64-debian-clang | 0.6.0 | 6.61 | 112.93 | 119.54 | NOTE | |
| r-devel-linux-x86_64-debian-gcc | 0.6.0 | 4.23 | 82.16 | 86.39 | OK | |
| r-devel-linux-x86_64-fedora-clang | 0.6.0 | 36.00 | 159.51 | 195.51 | OK | |
| r-devel-linux-x86_64-fedora-gcc | 0.6.0 | 13.00 | 175.01 | 188.01 | OK | |
| r-devel-windows-x86_64 | 0.6.0 | 11.00 | 132.00 | 143.00 | OK | |
| r-patched-linux-x86_64 | 0.6.0 | 6.41 | 106.05 | 112.46 | OK | |
| r-release-linux-x86_64 | 0.6.0 | 5.32 | 106.70 | 112.02 | OK | |
| r-release-macos-arm64 | 0.6.0 | 3.00 | 49.00 | 52.00 | OK | |
| r-release-macos-x86_64 | 0.6.0 | 6.00 | 100.00 | 106.00 | OK | |
| r-release-windows-x86_64 | 0.6.0 | 10.00 | 138.00 | 148.00 | OK | |
| r-oldrel-macos-arm64 | 0.6.0 | 3.00 | 53.00 | 56.00 | OK | |
| r-oldrel-macos-x86_64 | 0.6.0 | 6.00 | 115.00 | 121.00 | OK | |
| r-oldrel-windows-x86_64 | 0.6.0 | 12.00 | 163.00 | 175.00 | OK |
Version: 0.6.0
Check: HTML version of manual
Result: NOTE
Found the following HTML validation problems:
write_answers.html:52:1 (write_answers.Rd:13): Warning: missing </ul> before </div>
Flavor: r-devel-linux-x86_64-debian-clang