Last updated on 2025-10-24 04:51:15 CEST.
| Flavor | Version | Tinstall | Tcheck | Ttotal | Status | Flags |
|---|---|---|---|---|---|---|
| r-devel-linux-x86_64-debian-clang | 1.0.0 | 7.92 | 89.76 | 97.68 | NOTE | |
| r-devel-linux-x86_64-debian-gcc | 1.0.0 | 5.55 | 58.52 | 64.07 | NOTE | |
| r-devel-linux-x86_64-fedora-clang | 1.0.0 | 45.00 | 115.17 | 160.17 | OK | |
| r-devel-linux-x86_64-fedora-gcc | 1.0.0 | 16.00 | 131.99 | 147.99 | OK | |
| r-devel-windows-x86_64 | 1.0.0 | 12.00 | 94.00 | 106.00 | OK | |
| r-patched-linux-x86_64 | 1.0.0 | 7.49 | 81.52 | 89.01 | OK | |
| r-release-linux-x86_64 | 1.0.0 | 8.35 | 80.83 | 89.18 | OK | |
| r-release-macos-arm64 | 1.0.0 | 3.00 | 31.00 | 34.00 | OK | |
| r-release-macos-x86_64 | 1.0.0 | 7.00 | 65.00 | 72.00 | OK | |
| r-release-windows-x86_64 | 1.0.0 | 12.00 | 98.00 | 110.00 | OK | |
| r-oldrel-macos-arm64 | 1.0.0 | 3.00 | 30.00 | 33.00 | OK | |
| r-oldrel-macos-x86_64 | 1.0.0 | 5.00 | 56.00 | 61.00 | OK | |
| r-oldrel-windows-x86_64 | 1.0.0 | 14.00 | 122.00 | 136.00 | OK |
Version: 1.0.0
Check: CRAN incoming feasibility
Result: NOTE
Maintainer: ‘Gabriela Cybis <gcybis@gmail.com>’
The Description field contains
Valk and Gabriela B. Cybis (2021) <arXiv:2106.09115>.
Please refer to arXiv e-prints via their arXiv DOI <doi:10.48550/arXiv.YYMM.NNNNN>.
Flavors: r-devel-linux-x86_64-debian-clang, r-devel-linux-x86_64-debian-gcc
Version: 1.0.0
Check: HTML version of manual
Result: NOTE
Found the following HTML validation problems:
print.utest_classify.html:51:1 (print.utest_classify.Rd:12): Warning: missing </ul> before </div>
rep_optimBn.html:54:1 (rep_optimBn.Rd:14): Warning: missing </ul> before </div>
Flavor: r-devel-linux-x86_64-debian-clang