Last updated on 2025-10-22 05:51:31 CEST.
Flavor | Version | Tinstall | Tcheck | Ttotal | Status | Flags |
---|---|---|---|---|---|---|
r-devel-linux-x86_64-debian-clang | 0.0.6 | 65.02 | 192.03 | 257.05 | NOTE | |
r-devel-linux-x86_64-debian-gcc | 0.0.6 | 48.28 | 167.88 | 216.16 | NOTE | |
r-devel-linux-x86_64-fedora-clang | 0.0.6 | 185.00 | 256.32 | 441.32 | OK | |
r-devel-linux-x86_64-fedora-gcc | 0.0.6 | 143.00 | 291.33 | 434.33 | OK | |
r-devel-windows-x86_64 | 0.0.6 | 82.00 | 308.00 | 390.00 | OK | |
r-patched-linux-x86_64 | 0.0.6 | 71.22 | 185.61 | 256.83 | OK | |
r-release-linux-x86_64 | 0.0.6 | 74.62 | 185.12 | 259.74 | OK | |
r-release-macos-arm64 | 0.0.6 | 32.00 | 113.00 | 145.00 | OK | |
r-release-macos-x86_64 | 0.0.6 | 21.00 | 194.00 | 215.00 | OK | |
r-release-windows-x86_64 | 0.0.6 | 83.00 | 301.00 | 384.00 | OK | |
r-oldrel-macos-arm64 | 0.0.6 | 31.00 | 93.00 | 124.00 | OK | |
r-oldrel-macos-x86_64 | 0.0.6 | 21.00 | 139.00 | 160.00 | OK | |
r-oldrel-windows-x86_64 | 0.0.6 | 96.00 | 339.00 | 435.00 | OK |
Version: 0.0.6
Check: HTML version of manual
Result: NOTE
Found the following HTML validation problems:
loglike_unitquantreg.html:75:1 (loglike_unitquantreg.Rd:25): Warning: missing </ul> before </div>
Flavors: r-devel-linux-x86_64-debian-clang, r-devel-linux-x86_64-debian-gcc