Last updated on 2025-10-22 05:51:31 CEST.
Flavor | Version | Tinstall | Tcheck | Ttotal | Status | Flags |
---|---|---|---|---|---|---|
r-devel-linux-x86_64-debian-clang | 0.2.2 | 9.61 | 55.14 | 64.75 | NOTE | |
r-devel-linux-x86_64-debian-gcc | 0.2.2 | 5.73 | 38.07 | 43.80 | NOTE | |
r-devel-linux-x86_64-fedora-clang | 0.2.2 | 53.00 | 46.16 | 99.16 | OK | |
r-devel-linux-x86_64-fedora-gcc | 0.2.2 | 16.00 | 70.58 | 86.58 | OK | |
r-devel-windows-x86_64 | 0.2.2 | 9.00 | 64.00 | 73.00 | OK | |
r-patched-linux-x86_64 | 0.2.2 | 8.38 | 49.24 | 57.62 | OK | |
r-release-linux-x86_64 | 0.2.2 | 8.14 | 49.46 | 57.60 | OK | |
r-release-macos-arm64 | 0.2.2 | 3.00 | 27.00 | 30.00 | OK | |
r-release-macos-x86_64 | 0.2.2 | 7.00 | 47.00 | 54.00 | OK | |
r-release-windows-x86_64 | 0.2.2 | 12.00 | 68.00 | 80.00 | OK | |
r-oldrel-macos-arm64 | 0.2.2 | 4.00 | 32.00 | 36.00 | OK | |
r-oldrel-macos-x86_64 | 0.2.2 | 7.00 | 56.00 | 63.00 | OK | |
r-oldrel-windows-x86_64 | 0.2.2 | 12.00 | 78.00 | 90.00 | OK |
Version: 0.2.2
Check: HTML version of manual
Result: NOTE
Found the following HTML validation problems:
Century.html:120:1 (Century.Rd:76): Warning: <h5> anchor "Usage" already defined
Century.html:126:1 (Century.Rd:80): Warning: <h5> anchor "Arguments" already defined
Decade.html:123:1 (Decade.Rd:79): Warning: <h5> anchor "Usage" already defined
Decade.html:129:1 (Decade.Rd:83): Warning: <h5> anchor "Arguments" already defined
Periods.html:242:1 (Periods.Rd:142): Warning: missing </ul> before </div>
Periods.html:144:1 (Periods.Rd:84): Warning: <h5> anchor "Usage" already defined
Periods.html:150:1 (Periods.Rd:88): Warning: <h5> anchor "Arguments" already defined
Periods.html:173:1 (Periods.Rd:101): Warning: <h5> anchor "Usage" already defined
Periods.html:179:1 (Periods.Rd:105): Warning: <h5> anchor "Arguments" already defined
Periods.html:219:1 (Periods.Rd:131): Warning: <h5> anchor "Usage" already defined
Periods.html:225:1 (Periods.Rd:135): Warning: <h5> anchor "Arguments" already defined
Year.html:122:1 (Year.Rd:76): Warning: <h5> anchor "Usage" already defined
Year.html:128:1 (Year.Rd:80): Warning: <h5> anchor "Arguments" already defined
Year.html:150:1 (Year.Rd:96): Warning: <h5> anchor "Returns" already defined
Year.html:168:1 (Year.Rd:106): Warning: <h5> anchor "Usage" already defined
Year.html:174:1 (Year.Rd:110): Warning: <h5> anchor "Arguments" already defined
Flavors: r-devel-linux-x86_64-debian-clang, r-devel-linux-x86_64-debian-gcc