CRAN Package Check Results for Package urlshorteneR

Last updated on 2025-10-22 05:51:31 CEST.

Flavor Version Tinstall Tcheck Ttotal Status Flags
r-devel-linux-x86_64-debian-clang 2.0.0 4.83 49.17 54.00 NOTE
r-devel-linux-x86_64-debian-gcc 2.0.0 3.06 36.55 39.61 NOTE
r-devel-linux-x86_64-fedora-clang 2.0.0 32.00 53.01 85.01 OK
r-devel-linux-x86_64-fedora-gcc 2.0.0 11.00 82.00 93.00 OK
r-devel-windows-x86_64 2.0.0 8.00 74.00 82.00 OK
r-patched-linux-x86_64 2.0.0 5.44 45.91 51.35 OK
r-release-linux-x86_64 2.0.0 5.02 45.82 50.84 OK
r-release-macos-arm64 2.0.0 3.00 32.00 35.00 OK
r-release-macos-x86_64 2.0.0 5.00 71.00 76.00 OK
r-release-windows-x86_64 2.0.0 9.00 77.00 86.00 OK
r-oldrel-macos-arm64 2.0.0 3.00 38.00 41.00 OK
r-oldrel-macos-x86_64 2.0.0 9.00 79.00 88.00 OK
r-oldrel-windows-x86_64 2.0.0 9.00 87.00 96.00 OK

Check Details

Version: 2.0.0
Check: HTML version of manual
Result: NOTE Found the following HTML validation problems: bitly_app_details.html:54:1 (bitly_app_details.Rd:16): Warning: missing </ul> before </div> Flavors: r-devel-linux-x86_64-debian-clang, r-devel-linux-x86_64-debian-gcc