Last updated on 2025-10-24 04:51:16 CEST.
| Flavor | Version | Tinstall | Tcheck | Ttotal | Status | Flags |
|---|---|---|---|---|---|---|
| r-devel-linux-x86_64-debian-clang | 0.4.0 | 1.78 | 24.53 | 26.31 | OK | |
| r-devel-linux-x86_64-debian-gcc | 0.4.0 | 1.44 | 19.84 | 21.28 | OK | |
| r-devel-linux-x86_64-fedora-clang | 0.4.0 | 11.00 | 27.40 | 38.40 | OK | |
| r-devel-linux-x86_64-fedora-gcc | 0.4.0 | 35.39 | OK | |||
| r-devel-windows-x86_64 | 0.4.0 | 3.00 | 42.00 | 45.00 | OK | |
| r-patched-linux-x86_64 | 0.4.0 | 1.99 | 22.13 | 24.12 | OK | |
| r-release-linux-x86_64 | 0.4.0 | 1.58 | 22.31 | 23.89 | OK | |
| r-release-macos-arm64 | 0.4.0 | 1.00 | 15.00 | 16.00 | OK | |
| r-release-macos-x86_64 | 0.4.0 | 2.00 | 25.00 | 27.00 | OK | |
| r-release-windows-x86_64 | 0.4.0 | 3.00 | 46.00 | 49.00 | OK | |
| r-oldrel-macos-arm64 | 0.4.0 | 1.00 | 20.00 | 21.00 | NOTE | |
| r-oldrel-macos-x86_64 | 0.4.0 | 1.00 | 22.00 | 23.00 | NOTE | |
| r-oldrel-windows-x86_64 | 0.4.0 | 5.00 | 50.00 | 55.00 | NOTE |
Version: 0.4.0
Check: LazyData
Result: NOTE
'LazyData' is specified without a 'data' directory
Flavors: r-oldrel-macos-arm64, r-oldrel-macos-x86_64, r-oldrel-windows-x86_64