CRAN Package Check Results for Package utilsIPEA

Last updated on 2025-10-22 05:51:31 CEST.

Flavor Version Tinstall Tcheck Ttotal Status Flags
r-devel-linux-x86_64-debian-clang 0.0.6 4.82 38.05 42.87 OK
r-devel-linux-x86_64-debian-gcc 0.0.6 3.36 28.67 32.03 OK
r-devel-linux-x86_64-fedora-clang 0.0.6 27.00 41.78 68.78 NOTE
r-devel-linux-x86_64-fedora-gcc 0.0.6 60.12 NOTE
r-devel-windows-x86_64 0.0.6 7.00 54.00 61.00 OK
r-patched-linux-x86_64 0.0.6 4.13 35.42 39.55 OK
r-release-linux-x86_64 0.0.6 4.07 35.11 39.18 OK
r-release-macos-arm64 0.0.6 2.00 22.00 24.00 OK
r-release-macos-x86_64 0.0.6 3.00 37.00 40.00 OK
r-release-windows-x86_64 0.0.6 7.00 55.00 62.00 OK
r-oldrel-macos-arm64 0.0.6 2.00 21.00 23.00 OK
r-oldrel-macos-x86_64 0.0.6 3.00 30.00 33.00 OK
r-oldrel-windows-x86_64 0.0.6 7.00 61.00 68.00 OK

Check Details

Version: 0.0.6
Check: dependencies in R code
Result: NOTE Namespaces in Imports field not imported from: ‘RCurl’ ‘stringdist’ ‘utils’ All declared Imports should be used. Flavors: r-devel-linux-x86_64-fedora-clang, r-devel-linux-x86_64-fedora-gcc