Last updated on 2025-07-21 08:50:21 CEST.
Flavor | Version | Tinstall | Tcheck | Ttotal | Status | Flags |
---|---|---|---|---|---|---|
r-devel-linux-x86_64-debian-clang | 1.2-1 | 10.27 | 19.43 | 29.70 | OK | |
r-devel-linux-x86_64-debian-gcc | 1.2-1 | 7.77 | 15.97 | 23.74 | OK | |
r-devel-linux-x86_64-fedora-clang | 1.2-1 | 45.62 | OK | |||
r-devel-linux-x86_64-fedora-gcc | 1.2-1 | 42.31 | OK | |||
r-devel-windows-x86_64 | 1.2-1 | 17.00 | 38.00 | 55.00 | OK | |
r-patched-linux-x86_64 | 1.2-1 | 7.58 | 18.35 | 25.93 | OK | |
r-release-linux-x86_64 | 1.2-1 | 7.50 | 18.20 | 25.70 | OK | |
r-release-macos-arm64 | 1.2-1 | 37.00 | OK | |||
r-release-macos-x86_64 | 1.2-1 | 53.00 | OK | |||
r-release-windows-x86_64 | 1.2-1 | 21.00 | 41.00 | 62.00 | OK | |
r-oldrel-macos-arm64 | 1.2-1 | 33.00 | OK | |||
r-oldrel-macos-x86_64 | 1.2-1 | 81.00 | OK | |||
r-oldrel-windows-x86_64 | 1.2-1 | 18.00 | 41.00 | 59.00 | WARN |
Version: 1.2-1
Check: whether package can be installed
Result: WARN
Found the following significant warnings:
randutils.c:60:12: warning: function declaration isn't a prototype [-Wstrict-prototypes]
See 'd:/Rcompile/CRANpkg/local/4.4/uuid.Rcheck/00install.out' for details.
* used C compiler: 'gcc.exe (GCC) 13.2.0'
Flavor: r-oldrel-windows-x86_64