Last updated on 2025-10-24 04:51:16 CEST.
| Flavor | Version | Tinstall | Tcheck | Ttotal | Status | Flags |
|---|---|---|---|---|---|---|
| r-devel-linux-x86_64-debian-clang | 0.1.0 | 1.83 | 35.64 | 37.47 | NOTE | |
| r-devel-linux-x86_64-debian-gcc | 0.1.0 | 1.58 | 28.01 | 29.59 | NOTE | |
| r-devel-linux-x86_64-fedora-clang | 0.1.0 | 58.78 | OK | |||
| r-devel-linux-x86_64-fedora-gcc | 0.1.0 | 69.14 | OK | |||
| r-devel-windows-x86_64 | 0.1.0 | 4.00 | 54.00 | 58.00 | OK | |
| r-patched-linux-x86_64 | 0.1.0 | 1.92 | 33.10 | 35.02 | OK | |
| r-release-linux-x86_64 | 0.1.0 | 1.67 | 32.67 | 34.34 | OK | |
| r-release-macos-arm64 | 0.1.0 | 1.00 | 27.00 | 28.00 | OK | |
| r-release-macos-x86_64 | 0.1.0 | 2.00 | 46.00 | 48.00 | OK | |
| r-release-windows-x86_64 | 0.1.0 | 4.00 | 54.00 | 58.00 | OK | |
| r-oldrel-macos-arm64 | 0.1.0 | 1.00 | 24.00 | 25.00 | OK | |
| r-oldrel-macos-x86_64 | 0.1.0 | 2.00 | 38.00 | 40.00 | OK | |
| r-oldrel-windows-x86_64 | 0.1.0 | 5.00 | 63.00 | 68.00 | OK |
Version: 0.1.0
Check: CRAN incoming feasibility
Result: NOTE
Maintainer: ‘Ron Sielinski <sielinski@hotmail.com>’
No Authors@R field in DESCRIPTION.
Please add one, modifying
Authors@R: person(given = "Ron",
family = "Sielinski",
role = c("aut", "cre"),
email = "sielinski@hotmail.com")
as necessary.
Flavors: r-devel-linux-x86_64-debian-clang, r-devel-linux-x86_64-debian-gcc