CRAN Package Check Results for Package vagalumeR

Last updated on 2025-10-22 05:51:31 CEST.

Flavor Version Tinstall Tcheck Ttotal Status Flags
r-devel-linux-x86_64-debian-clang 0.1.6 1.86 19.54 21.40 NOTE
r-devel-linux-x86_64-debian-gcc 0.1.6 1.36 16.33 17.69 NOTE
r-devel-linux-x86_64-fedora-clang 0.1.6 11.00 22.16 33.16 OK
r-devel-linux-x86_64-fedora-gcc 0.1.6 29.59 OK
r-devel-windows-x86_64 0.1.6 4.00 39.00 43.00 OK
r-patched-linux-x86_64 0.1.6 1.74 18.53 20.27 OK
r-release-linux-x86_64 0.1.6 1.85 18.51 20.36 OK
r-release-macos-arm64 0.1.6 1.00 14.00 15.00 OK
r-release-macos-x86_64 0.1.6 2.00 21.00 23.00 OK
r-release-windows-x86_64 0.1.6 4.00 40.00 44.00 OK
r-oldrel-macos-arm64 0.1.6 1.00 14.00 15.00 NOTE
r-oldrel-macos-x86_64 0.1.6 1.00 22.00 23.00 NOTE
r-oldrel-windows-x86_64 0.1.6 4.00 45.00 49.00 NOTE

Check Details

Version: 0.1.6
Check: CRAN incoming feasibility
Result: NOTE Maintainer: ‘Bruna Wundervald <brunadaviesw@gmail.com>’ No Authors@R field in DESCRIPTION. Please add one, modifying Authors@R: person(given = "Bruna", family = "Wundervald", role = c("aut", "cre"), email = "brunadaviesw@gmail.com") as necessary. Flavors: r-devel-linux-x86_64-debian-clang, r-devel-linux-x86_64-debian-gcc

Version: 0.1.6
Check: LazyData
Result: NOTE 'LazyData' is specified without a 'data' directory Flavors: r-oldrel-macos-arm64, r-oldrel-macos-x86_64, r-oldrel-windows-x86_64