CRAN Package Check Results for Package variantspark

Last updated on 2025-07-21 08:50:21 CEST.

Flavor Version Tinstall Tcheck Ttotal Status Flags
r-devel-linux-x86_64-debian-clang 0.1.1 6.39 54.83 61.22 OK
r-devel-linux-x86_64-debian-gcc 0.1.1 4.38 38.99 43.37 OK
r-devel-linux-x86_64-fedora-clang 0.1.1 100.22 OK
r-devel-linux-x86_64-fedora-gcc 0.1.1 87.10 OK
r-devel-windows-x86_64 0.1.1 9.00 66.00 75.00 OK
r-patched-linux-x86_64 0.1.1 5.67 49.03 54.70 OK
r-release-linux-x86_64 0.1.1 5.74 48.79 54.53 OK
r-release-macos-arm64 0.1.1 29.00 OK
r-release-macos-x86_64 0.1.1 55.00 OK
r-release-windows-x86_64 0.1.1 7.00 66.00 73.00 OK
r-oldrel-macos-arm64 0.1.1 29.00 NOTE
r-oldrel-macos-x86_64 0.1.1 42.00 NOTE
r-oldrel-windows-x86_64 0.1.1 10.00 81.00 91.00 NOTE

Check Details

Version: 0.1.1
Check: LazyData
Result: NOTE 'LazyData' is specified without a 'data' directory Flavors: r-oldrel-macos-arm64, r-oldrel-macos-x86_64, r-oldrel-windows-x86_64