Last updated on 2025-10-22 05:51:32 CEST.
Flavor | Version | Tinstall | Tcheck | Ttotal | Status | Flags |
---|---|---|---|---|---|---|
r-devel-linux-x86_64-debian-clang | 0.3-1 | 4.96 | 47.55 | 52.51 | NOTE | |
r-devel-linux-x86_64-debian-gcc | 0.3-1 | 4.05 | 36.22 | 40.27 | NOTE | |
r-devel-linux-x86_64-fedora-clang | 0.3-1 | 30.00 | 53.51 | 83.51 | OK | |
r-devel-linux-x86_64-fedora-gcc | 0.3-1 | 11.00 | 65.33 | 76.33 | OK | |
r-devel-windows-x86_64 | 0.3-1 | 7.00 | 65.00 | 72.00 | OK | |
r-patched-linux-x86_64 | 0.3-1 | 5.14 | 45.60 | 50.74 | OK | |
r-release-linux-x86_64 | 0.3-1 | 5.20 | 45.15 | 50.35 | OK | |
r-release-macos-arm64 | 0.3-1 | 3.00 | 24.00 | 27.00 | OK | |
r-release-macos-x86_64 | 0.3-1 | 5.00 | 40.00 | 45.00 | OK | |
r-release-windows-x86_64 | 0.3-1 | 9.00 | 66.00 | 75.00 | OK | |
r-oldrel-macos-arm64 | 0.3-1 | 3.00 | 23.00 | 26.00 | NOTE | |
r-oldrel-macos-x86_64 | 0.3-1 | 4.00 | 34.00 | 38.00 | NOTE | |
r-oldrel-windows-x86_64 | 0.3-1 | 8.00 | 73.00 | 81.00 | NOTE |
Version: 0.3-1
Check: CRAN incoming feasibility
Result: NOTE
Maintainer: ‘Craig Wang <craig.wang@math.uzh.ch>’
Package CITATION file contains call(s) to old-style personList() or
as.personList(). Please use c() on person objects instead.
Package CITATION file contains call(s) to old-style citEntry(). Please
use bibentry() instead.
Flavors: r-devel-linux-x86_64-debian-clang, r-devel-linux-x86_64-debian-gcc
Version: 0.3-1
Check: LazyData
Result: NOTE
'LazyData' is specified without a 'data' directory
Flavors: r-oldrel-macos-arm64, r-oldrel-macos-x86_64, r-oldrel-windows-x86_64