Last updated on 2025-10-22 05:51:32 CEST.
Flavor | Version | Tinstall | Tcheck | Ttotal | Status | Flags |
---|---|---|---|---|---|---|
r-devel-linux-x86_64-debian-clang | 0.3.0 | 6.27 | 58.47 | 64.74 | NOTE | |
r-devel-linux-x86_64-debian-gcc | 0.3.0 | 4.59 | 41.11 | 45.70 | NOTE | |
r-devel-linux-x86_64-fedora-clang | 0.3.0 | 37.00 | 63.70 | 100.70 | NOTE | |
r-devel-linux-x86_64-fedora-gcc | 0.3.0 | 13.00 | 75.47 | 88.47 | NOTE | |
r-devel-windows-x86_64 | 0.3.0 | 10.00 | 67.00 | 77.00 | NOTE | |
r-patched-linux-x86_64 | 0.3.0 | 5.63 | 51.60 | 57.23 | NOTE | |
r-release-linux-x86_64 | 0.3.0 | 6.06 | 52.47 | 58.53 | NOTE | |
r-release-macos-arm64 | 0.3.0 | 4.00 | 27.00 | 31.00 | NOTE | |
r-release-macos-x86_64 | 0.3.0 | 7.00 | 48.00 | 55.00 | NOTE | |
r-release-windows-x86_64 | 0.3.0 | 12.00 | 70.00 | 82.00 | NOTE | |
r-oldrel-macos-arm64 | 0.3.0 | 4.00 | 28.00 | 32.00 | OK | |
r-oldrel-macos-x86_64 | 0.3.0 | 5.00 | 41.00 | 46.00 | OK | |
r-oldrel-windows-x86_64 | 0.3.0 | 12.00 | 83.00 | 95.00 | OK |
Version: 0.3.0
Check: compiled code
Result: NOTE
File ‘versus/libs/versus.so’:
Found non-API call to R: ‘STRING_PTR’
Compiled code should not call non-API entry points in R.
See ‘Writing portable packages’ in the ‘Writing R Extensions’ manual,
and section ‘Moving into C API compliance’ for issues with the use of
non-API entry points.
Flavors: r-devel-linux-x86_64-debian-clang, r-devel-linux-x86_64-debian-gcc, r-devel-linux-x86_64-fedora-clang, r-devel-linux-x86_64-fedora-gcc, r-patched-linux-x86_64, r-release-linux-x86_64, r-release-macos-arm64, r-release-macos-x86_64
Version: 0.3.0
Check: compiled code
Result: NOTE
File 'versus/libs/x64/versus.dll':
Found non-API call to R: 'STRING_PTR'
Compiled code should not call non-API entry points in R.
See 'Writing portable packages' in the 'Writing R Extensions' manual,
and section 'Moving into C API compliance' for issues with the use of
non-API entry points.
Flavors: r-devel-windows-x86_64, r-release-windows-x86_64