Last updated on 2025-10-22 05:51:32 CEST.
Flavor | Version | Tinstall | Tcheck | Ttotal | Status | Flags |
---|---|---|---|---|---|---|
r-devel-linux-x86_64-debian-clang | 0.2.5 | 4.83 | 118.28 | 123.11 | NOTE | |
r-devel-linux-x86_64-debian-gcc | 0.2.5 | 4.40 | 86.21 | 90.61 | NOTE | |
r-devel-linux-x86_64-fedora-clang | 0.2.5 | 39.00 | 160.27 | 199.27 | OK | |
r-devel-linux-x86_64-fedora-gcc | 0.2.5 | 11.00 | 183.72 | 194.72 | OK | |
r-devel-windows-x86_64 | 0.2.5 | 10.00 | 136.00 | 146.00 | OK | |
r-patched-linux-x86_64 | 0.2.5 | 7.73 | 110.47 | 118.20 | OK | |
r-release-linux-x86_64 | 0.2.5 | 4.88 | 111.48 | 116.36 | OK | |
r-release-macos-arm64 | 0.2.5 | 3.00 | 65.00 | 68.00 | OK | |
r-release-macos-x86_64 | 0.2.5 | 5.00 | 140.00 | 145.00 | OK | |
r-release-windows-x86_64 | 0.2.5 | 10.00 | 137.00 | 147.00 | OK | |
r-oldrel-macos-arm64 | 0.2.5 | 3.00 | 47.00 | 50.00 | OK | |
r-oldrel-macos-x86_64 | 0.2.5 | 4.00 | 73.00 | 77.00 | OK | |
r-oldrel-windows-x86_64 | 0.2.5 | 11.00 | 177.00 | 188.00 | OK |
Version: 0.2.5
Check: HTML version of manual
Result: NOTE
Found the following HTML validation problems:
vetiver_pr_predict.html:70:1 (vetiver_pr_predict.Rd:24): Warning: missing </ul> before </div>
vetiver_python_requirements.html:63:1 (vetiver_python_requirements.Rd:26): Warning: missing </ul> before </div>
Flavors: r-devel-linux-x86_64-debian-clang, r-devel-linux-x86_64-debian-gcc