Last updated on 2025-10-22 05:51:32 CEST.
Flavor | Version | Tinstall | Tcheck | Ttotal | Status | Flags |
---|---|---|---|---|---|---|
r-devel-linux-x86_64-debian-clang | 0.1.0 | 3.74 | 37.20 | 40.94 | OK | |
r-devel-linux-x86_64-debian-gcc | 0.1.0 | 2.84 | 29.00 | 31.84 | OK | |
r-devel-linux-x86_64-fedora-clang | 0.1.0 | 19.00 | 44.34 | 63.34 | OK | |
r-devel-linux-x86_64-fedora-gcc | 0.1.0 | 56.57 | OK | |||
r-devel-windows-x86_64 | 0.1.0 | 5.00 | 53.00 | 58.00 | OK | |
r-patched-linux-x86_64 | 0.1.0 | 3.92 | 34.52 | 38.44 | OK | |
r-release-linux-x86_64 | 0.1.0 | 3.35 | 34.52 | 37.87 | OK | |
r-release-macos-arm64 | 0.1.0 | 3.00 | 32.00 | 35.00 | OK | |
r-release-macos-x86_64 | 0.1.0 | 3.00 | 32.00 | 35.00 | OK | |
r-release-windows-x86_64 | 0.1.0 | 6.00 | 55.00 | 61.00 | OK | |
r-oldrel-macos-arm64 | 0.1.0 | 2.00 | 23.00 | 25.00 | NOTE | |
r-oldrel-macos-x86_64 | 0.1.0 | 3.00 | 27.00 | 30.00 | NOTE | |
r-oldrel-windows-x86_64 | 0.1.0 | 8.00 | 62.00 | 70.00 | NOTE |
Version: 0.1.0
Check: LazyData
Result: NOTE
'LazyData' is specified without a 'data' directory
Flavors: r-oldrel-macos-arm64, r-oldrel-macos-x86_64, r-oldrel-windows-x86_64