Last updated on 2025-10-22 05:51:32 CEST.
Flavor | Version | Tinstall | Tcheck | Ttotal | Status | Flags |
---|---|---|---|---|---|---|
r-devel-linux-x86_64-debian-clang | 0.4.1 | 18.64 | 97.35 | 115.99 | NOTE | |
r-devel-linux-x86_64-debian-gcc | 0.4.1 | 11.01 | 66.53 | 77.54 | NOTE | |
r-devel-linux-x86_64-fedora-clang | 0.4.1 | 107.00 | 81.88 | 188.88 | NOTE | |
r-devel-linux-x86_64-fedora-gcc | 0.4.1 | 38.00 | 130.19 | 168.19 | NOTE | |
r-devel-windows-x86_64 | 0.4.1 | 19.00 | 101.00 | 120.00 | NOTE | |
r-patched-linux-x86_64 | 0.4.1 | 15.60 | 92.32 | 107.92 | NOTE | |
r-release-linux-x86_64 | 0.4.1 | 14.12 | 92.16 | 106.28 | NOTE | |
r-release-macos-arm64 | 0.4.1 | 7.00 | 37.00 | 44.00 | NOTE | |
r-release-macos-x86_64 | 0.4.1 | 12.00 | 63.00 | 75.00 | NOTE | |
r-release-windows-x86_64 | 0.4.1 | 18.00 | 104.00 | 122.00 | NOTE | |
r-oldrel-macos-arm64 | 0.4.1 | 6.00 | 37.00 | 43.00 | OK | |
r-oldrel-macos-x86_64 | 0.4.1 | 9.00 | 53.00 | 62.00 | OK | |
r-oldrel-windows-x86_64 | 0.4.1 | 24.00 | 127.00 | 151.00 | OK |
Version: 0.4.1
Check: DESCRIPTION meta-information
Result: NOTE
Missing dependency on R >= 4.1.0 because package code uses the pipe
|> or function shorthand \(...) syntax added in R 4.1.0.
File(s) using such syntax:
‘functions_upload.R’ ‘mod_hidecan.R’
Flavors: r-devel-linux-x86_64-debian-clang, r-devel-linux-x86_64-debian-gcc, r-devel-linux-x86_64-fedora-clang, r-devel-linux-x86_64-fedora-gcc, r-devel-windows-x86_64, r-patched-linux-x86_64, r-release-linux-x86_64, r-release-macos-arm64, r-release-macos-x86_64, r-release-windows-x86_64
Version: 0.4.1
Check: HTML version of manual
Result: NOTE
Found the following HTML validation problems:
coord_radar.html:54:1 (coord_radar.Rd:14): Warning: missing </ul> before </div>
gg_color_hue.html:46:1 (gg_color_hue.Rd:10): Warning: missing </ul> before </div>
plot.mappoly.homoprob.html:74:1 (plot.mappoly.homoprob.Rd:27): Warning: missing </ul> before </div>
plot_cm_mb.html:58:1 (plot_cm_mb.Rd:16): Warning: missing </ul> before </div>
plot_effects.html:60:1 (plot_effects.Rd:20): Warning: missing </ul> before </div>
plot_one_map.html:58:1 (plot_one_map.Rd:16): Warning: missing </ul> before </div>
read_input_hidecan.html:50:1 (read_input_hidecan.Rd:12): Warning: missing </ul> before </div>
run_app.html:81:1 (run_app.Rd:37): Warning: missing </ul> before </div>
Flavors: r-devel-linux-x86_64-debian-clang, r-devel-linux-x86_64-debian-gcc