Last updated on 2025-10-22 05:51:32 CEST.
Flavor | Version | Tinstall | Tcheck | Ttotal | Status | Flags |
---|---|---|---|---|---|---|
r-devel-linux-x86_64-debian-clang | 0.5.1 | 3.63 | 78.50 | 82.13 | NOTE | |
r-devel-linux-x86_64-debian-gcc | 0.5.1 | 2.48 | 60.52 | 63.00 | NOTE | |
r-devel-linux-x86_64-fedora-clang | 0.5.1 | 13.00 | 111.74 | 124.74 | OK | |
r-devel-linux-x86_64-fedora-gcc | 0.5.1 | 132.89 | OK | |||
r-devel-windows-x86_64 | 0.5.1 | 5.00 | 86.00 | 91.00 | OK | |
r-patched-linux-x86_64 | 0.5.1 | 3.33 | 75.98 | 79.31 | OK | |
r-release-linux-x86_64 | 0.5.1 | 3.12 | 75.58 | 78.70 | OK | |
r-release-macos-arm64 | 0.5.1 | 2.00 | 39.00 | 41.00 | OK | |
r-release-macos-x86_64 | 0.5.1 | 3.00 | 67.00 | 70.00 | OK | |
r-release-windows-x86_64 | 0.5.1 | 5.00 | 87.00 | 92.00 | OK | |
r-oldrel-macos-arm64 | 0.5.1 | 2.00 | 75.00 | 77.00 | OK | |
r-oldrel-macos-x86_64 | 0.5.1 | 3.00 | 112.00 | 115.00 | OK | |
r-oldrel-windows-x86_64 | 0.5.1 | 6.00 | 103.00 | 109.00 | OK |
Version: 0.5.1
Check: HTML version of manual
Result: NOTE
Found the following HTML validation problems:
violin.stats.html:62:1 (violin.stats.Rd:20): Warning: missing </ul> before </div>
Flavors: r-devel-linux-x86_64-debian-clang, r-devel-linux-x86_64-debian-gcc