CRAN Package Check Results for Package vmTools

Last updated on 2025-10-22 05:51:32 CEST.

Flavor Version Tinstall Tcheck Ttotal Status Flags
r-devel-linux-x86_64-debian-clang 1.0.1 4.90 57.79 62.69 NOTE
r-devel-linux-x86_64-debian-gcc 1.0.1 2.83 45.22 48.05 NOTE
r-devel-linux-x86_64-fedora-clang 1.0.1 60.00 45.06 105.06 OK
r-devel-linux-x86_64-fedora-gcc 1.0.1 104.66 OK
r-devel-windows-x86_64 1.0.1 5.00 70.00 75.00 OK
r-patched-linux-x86_64 1.0.1 4.88 53.24 58.12 OK
r-release-linux-x86_64 1.0.1 4.07 54.11 58.18 OK
r-release-macos-arm64 1.0.1 2.00 71.00 73.00 OK
r-release-macos-x86_64 1.0.1 4.00 79.00 83.00 OK
r-release-windows-x86_64 1.0.1 7.00 71.00 78.00 OK
r-oldrel-macos-arm64 1.0.1 2.00 55.00 57.00 OK
r-oldrel-macos-x86_64 1.0.1 5.00 75.00 80.00 OK
r-oldrel-windows-x86_64 1.0.1 7.00 77.00 84.00 OK

Check Details

Version: 1.0.1
Check: HTML version of manual
Result: NOTE Found the following HTML validation problems: SLT.html:204:1 (SLT.Rd:124): Warning: <h5> anchor "Usage" already defined SLT.html:210:1 (SLT.Rd:128): Warning: <h5> anchor "Arguments" already defined SLT.html:225:1 (SLT.Rd:137): Warning: <h5> anchor "Returns" already defined SLT.html:242:1 (SLT.Rd:146): Warning: <h5> anchor "Usage" already defined SLT.html:248:1 (SLT.Rd:150): Warning: <h5> anchor "Arguments" already defined SLT.html:263:1 (SLT.Rd:159): Warning: <h5> anchor "Returns" already defined SLT.html:288:1 (SLT.Rd:176): Warning: <h5> anchor "Usage" already defined SLT.html:294:1 (SLT.Rd:180): Warning: <h5> anchor "Arguments" already defined SLT.html:316:1 (SLT.Rd:196): Warning: <h5> anchor "Returns" already defined SLT.html:337:1 (SLT.Rd:209): Warning: <h5> anchor "Usage" already defined SLT.html:343:1 (SLT.Rd:213): Warning: <h5> anchor "Arguments" already defined SLT.html:365:1 (SLT.Rd:229): Warning: <h5> anchor "Returns" already defined SLT.html:390:1 (SLT.Rd:246): Warning: <h5> anchor "Usage" already defined SLT.html:396:1 (SLT.Rd:250): Warning: <h5> anchor "Arguments" already defined SLT.html:418:1 (SLT.Rd:266): Warning: <h5> anchor "Returns" already defined SLT.html:439:1 (SLT.Rd:279): Warning: <h5> anchor "Usage" already defined SLT.html:445:1 (SLT.Rd:283): Warning: <h5> anchor "Arguments" already defined SLT.html:467:1 (SLT.Rd:299): Warning: <h5> anchor "Returns" already defined SLT.html:487:1 (SLT.Rd:311): Warning: <h5> anchor "Usage" already defined SLT.html:493:1 (SLT.Rd:315): Warning: <h5> anchor "Returns" already defined SLT.html:513:1 (SLT.Rd:327): Warning: <h5> anchor "Usage" already defined SLT.html:519:1 (SLT.Rd:331): Warning: <h5> anchor "Returns" already defined SLT.html:539:1 (SLT.Rd:343): Warning: <h5> anchor "Usage" already defined SLT.html:545:1 (SLT.Rd:347): Warning: <h5> anchor "Returns" already defined SLT.html:565:1 (SLT.Rd:359): Warning: <h5> anchor "Usage" already defined SLT.html:571:1 (SLT.Rd:363): Warning: <h5> anchor "Returns" already defined SLT.html:596:1 (SLT.Rd:380): Warning: <h5> anchor "Usage" already defined SLT.html:602:1 (SLT.Rd:384): Warning: <h5> anchor "Arguments" already defined SLT.html:619:1 (SLT.Rd:395): Warning: <h5> anchor "Returns" already defined SLT.html:640:1 (SLT.Rd:408): Warning: <h5> anchor "Usage" already defined SLT.html:646:1 (SLT.Rd:412): Warning: <h5> anchor "Arguments" already defined SLT.html:662:1 (SLT.Rd:422): Warning: <h5> anchor "Returns" already defined SLT.html:683:1 (SLT.Rd:435): Warning: <h5> anchor "Usage" already defined SLT.html:689:1 (SLT.Rd:439): Warning: <h5> anchor "Arguments" already defined SLT.html:705:1 (SLT.Rd:449): Warning: <h5> anchor "Returns" already defined SLT.html:727:1 (SLT.Rd:463): Warning: <h5> anchor "Usage" already defined SLT.html:733:1 (SLT.Rd:467): Warning: <h5> anchor "Arguments" already defined SLT.html:748:1 (SLT.Rd:476): Warning: <h5> anchor "Returns" already defined SLT.html:772:1 (SLT.Rd:492): Warning: <h5> anchor "Usage" already defined SLT.html:778:1 (SLT.Rd:496): Warning: <h5> anchor "Arguments" already defined SLT.html:803:1 (SLT.Rd:515): Warning: <h5> anchor "Returns" already defined SLT.html:823:1 (SLT.Rd:527): Warning: <h5> anchor "Usage" already defined SLT.html:829:1 (SLT.Rd:531): Warning: <h5> anchor "Returns" already defined SLT.html:846:1 (SLT.Rd:540): Warning: <h5> anchor "Usage" already defined SLT.html:852:1 (SLT.Rd:544): Warning: <h5> anchor "Arguments" already defined dir_tree.html:54:1 (dir_tree.Rd:14): Warning: missing </ul> before </div> Flavors: r-devel-linux-x86_64-debian-clang, r-devel-linux-x86_64-debian-gcc