Last updated on 2025-10-22 05:51:32 CEST.
Flavor | Version | Tinstall | Tcheck | Ttotal | Status | Flags |
---|---|---|---|---|---|---|
r-devel-linux-x86_64-debian-clang | 3.2.0 | 15.45 | 485.17 | 500.62 | NOTE | |
r-devel-linux-x86_64-debian-gcc | 3.2.0 | 10.01 | 324.31 | 334.32 | NOTE | |
r-devel-linux-x86_64-fedora-clang | 3.2.0 | 68.00 | 732.84 | 800.84 | OK | |
r-devel-linux-x86_64-fedora-gcc | 3.2.0 | 28.00 | 713.19 | 741.19 | OK | |
r-devel-windows-x86_64 | 3.2.0 | 19.00 | 431.00 | 450.00 | OK | |
r-patched-linux-x86_64 | 3.2.0 | 16.32 | 455.88 | 472.20 | OK | |
r-release-linux-x86_64 | 3.2.0 | 13.49 | 462.68 | 476.17 | OK | |
r-release-macos-arm64 | 3.2.0 | 6.00 | 142.00 | 148.00 | OK | |
r-release-macos-x86_64 | 3.2.0 | 14.00 | 279.00 | 293.00 | OK | |
r-release-windows-x86_64 | 3.2.0 | 17.00 | 392.00 | 409.00 | OK | |
r-oldrel-macos-arm64 | 3.2.0 | 6.00 | 146.00 | 152.00 | OK | |
r-oldrel-macos-x86_64 | 3.2.0 | 13.00 | 311.00 | 324.00 | OK | |
r-oldrel-windows-x86_64 | 3.2.0 | 19.00 | 385.00 | 404.00 | OK |
Version: 3.2.0
Check: HTML version of manual
Result: NOTE
Found the following HTML validation problems:
cfg_get_na_numbers.html:47:1 (cfg_get_na_numbers.Rd:11): Warning: missing </ul> before </div>
Flavors: r-devel-linux-x86_64-debian-clang, r-devel-linux-x86_64-debian-gcc