Last updated on 2025-10-22 05:51:32 CEST.
Flavor | Version | Tinstall | Tcheck | Ttotal | Status | Flags |
---|---|---|---|---|---|---|
r-devel-linux-x86_64-debian-clang | 0.1.1 | 8.50 | 63.86 | 72.36 | OK | |
r-devel-linux-x86_64-debian-gcc | 0.1.1 | 6.13 | 45.70 | 51.83 | OK | |
r-devel-linux-x86_64-fedora-clang | 0.1.1 | 92.00 | 24.54 | 116.54 | OK | |
r-devel-linux-x86_64-fedora-gcc | 0.1.1 | 17.00 | 85.07 | 102.07 | OK | |
r-devel-windows-x86_64 | 0.1.1 | 9.00 | 75.00 | 84.00 | OK | |
r-patched-linux-x86_64 | 0.1.1 | 8.35 | 61.21 | 69.56 | OK | |
r-release-linux-x86_64 | 0.1.1 | 8.08 | 60.17 | 68.25 | OK | |
r-release-macos-arm64 | 0.1.1 | 4.00 | 28.00 | 32.00 | OK | |
r-release-macos-x86_64 | 0.1.1 | 12.00 | 55.00 | 67.00 | OK | |
r-release-windows-x86_64 | 0.1.1 | 9.00 | 75.00 | 84.00 | OK | |
r-oldrel-macos-arm64 | 0.1.1 | 3.00 | 27.00 | 30.00 | NOTE | |
r-oldrel-macos-x86_64 | 0.1.1 | 5.00 | 52.00 | 57.00 | NOTE | |
r-oldrel-windows-x86_64 | 0.1.1 | 11.00 | 91.00 | 102.00 | NOTE |
Version: 0.1.1
Check: LazyData
Result: NOTE
'LazyData' is specified without a 'data' directory
Flavors: r-oldrel-macos-arm64, r-oldrel-macos-x86_64, r-oldrel-windows-x86_64